Last updated on 2025-10-31 02:50:25 CET.
| Flavor | Version | Tinstall | Tcheck | Ttotal | Status | Flags | 
|---|---|---|---|---|---|---|
| r-devel-linux-x86_64-debian-clang | 0.1.0 | 13.55 | 100.85 | 114.40 | NOTE | |
| r-devel-linux-x86_64-debian-gcc | 0.1.0 | 8.59 | 70.15 | 78.74 | NOTE | |
| r-devel-linux-x86_64-fedora-clang | 0.1.0 | 32.00 | 146.24 | 178.24 | NOTE | |
| r-devel-linux-x86_64-fedora-gcc | 0.1.0 | 26.00 | 136.91 | 162.91 | NOTE | |
| r-devel-windows-x86_64 | 0.1.0 | 14.00 | 112.00 | 126.00 | NOTE | |
| r-patched-linux-x86_64 | 0.1.0 | 10.85 | 93.31 | 104.16 | NOTE | |
| r-release-linux-x86_64 | 0.1.0 | 9.41 | 93.08 | 102.49 | NOTE | |
| r-release-macos-arm64 | 0.1.0 | 5.00 | 39.00 | 44.00 | NOTE | |
| r-release-macos-x86_64 | 0.1.0 | 9.00 | 76.00 | 85.00 | NOTE | |
| r-release-windows-x86_64 | 0.1.0 | 14.00 | 111.00 | 125.00 | NOTE | |
| r-oldrel-macos-arm64 | 0.1.0 | 5.00 | 36.00 | 41.00 | NOTE | |
| r-oldrel-macos-x86_64 | 0.1.0 | 8.00 | 59.00 | 67.00 | NOTE | |
| r-oldrel-windows-x86_64 | 0.1.0 | 17.00 | 139.00 | 156.00 | NOTE | 
Version: 0.1.0
Check: CRAN incoming feasibility
Result: NOTE
  Maintainer: ‘Abdisalam Hassan Muse <abdisalam.h.muse@gmail.com>’
  
  No Authors@R field in DESCRIPTION.
  Please add one, modifying
    Authors@R: c(person(given = "Authors@R.",
                        family = "c)",
                        role = "aut",
                        comment = "\"aut\", \"ctb\",\"cre\""),
                 person(family = "person)",
                        role = "aut",
                        comment = "\"ctb\""),
                 person(family = "person)",
                        role = "aut",
                        comment = "\"ctb\""),
                 person(given = "person)",
                        family = ")",
                        role = "aut",
                        comment = "\"ctb\""),
                 person(given = c("Abdisalam", "Hassan"),
                        family = "Muse",
                        role = "cre",
                        email = "abdisalam.h.muse@gmail.com"))
  as necessary.
Flavors: r-devel-linux-x86_64-debian-clang, r-devel-linux-x86_64-debian-gcc
Version: 0.1.0
Check: Rd files
Result: NOTE
  checkRd: (-1) AEHMLE.Rd:42-45: Lost braces
      42 | \item{basehaz}{: {baseline hazard structure including baseline
         |                  ^
  checkRd: (-1) AHMLE.Rd:41-43: Lost braces
      41 | \item{basehaz}{: {baseline hazard structure including baseline
         |                  ^
Flavors: r-devel-linux-x86_64-debian-clang, r-devel-linux-x86_64-debian-gcc, r-devel-linux-x86_64-fedora-clang, r-devel-linux-x86_64-fedora-gcc, r-devel-windows-x86_64, r-patched-linux-x86_64, r-release-linux-x86_64, r-release-macos-arm64, r-release-macos-x86_64, r-release-windows-x86_64, r-oldrel-macos-arm64, r-oldrel-macos-x86_64, r-oldrel-windows-x86_64