Last updated on 2025-10-31 02:50:25 CET.
| Flavor | Version | Tinstall | Tcheck | Ttotal | Status | Flags | 
|---|---|---|---|---|---|---|
| r-devel-linux-x86_64-debian-clang | 0.1.1 | 1.71 | 20.74 | 22.45 | NOTE | |
| r-devel-linux-x86_64-debian-gcc | 0.1.1 | 1.61 | 16.60 | 18.21 | NOTE | |
| r-devel-linux-x86_64-fedora-clang | 0.1.1 | 35.38 | OK | |||
| r-devel-linux-x86_64-fedora-gcc | 0.1.1 | 32.24 | OK | |||
| r-devel-windows-x86_64 | 0.1.1 | 4.00 | 39.00 | 43.00 | OK | |
| r-patched-linux-x86_64 | 0.1.1 | 2.16 | 19.46 | 21.62 | OK | |
| r-release-linux-x86_64 | 0.1.1 | 1.81 | 19.64 | 21.45 | OK | |
| r-release-macos-arm64 | 0.1.1 | 1.00 | 17.00 | 18.00 | OK | |
| r-release-macos-x86_64 | 0.1.1 | 2.00 | 23.00 | 25.00 | OK | |
| r-release-windows-x86_64 | 0.1.1 | 3.00 | 40.00 | 43.00 | OK | |
| r-oldrel-macos-arm64 | 0.1.1 | 1.00 | 14.00 | 15.00 | OK | |
| r-oldrel-macos-x86_64 | 0.1.1 | 2.00 | 20.00 | 22.00 | OK | |
| r-oldrel-windows-x86_64 | 0.1.1 | 3.00 | 46.00 | 49.00 | OK | 
Version: 0.1.1
Check: CRAN incoming feasibility
Result: NOTE
  Maintainer: ‘Eisuke Inoue <eisuke.inoue@marianna-u.ac.jp>’
  
  No Authors@R field in DESCRIPTION.
  Please add one, modifying
    Authors@R: c(person(given = "Eisuke",
                        family = "Inoue",
                        role = c("aut", "cre"),
                        email = "eisuke.inoue@marianna-u.ac.jp"),
                 person(given = "Hajime",
                        family = "Uno",
                        role = "aut"))
  as necessary.
Flavors: r-devel-linux-x86_64-debian-clang, r-devel-linux-x86_64-debian-gcc