Last updated on 2025-10-31 02:50:25 CET.
| Flavor | Version | Tinstall | Tcheck | Ttotal | Status | Flags | 
|---|---|---|---|---|---|---|
| r-devel-linux-x86_64-debian-clang | 1.1 | 1.71 | 21.81 | 23.52 | NOTE | |
| r-devel-linux-x86_64-debian-gcc | 1.1 | 1.37 | 17.57 | 18.94 | NOTE | |
| r-devel-linux-x86_64-fedora-clang | 1.1 | 37.50 | OK | |||
| r-devel-linux-x86_64-fedora-gcc | 1.1 | 34.33 | OK | |||
| r-devel-windows-x86_64 | 1.1 | 3.00 | 39.00 | 42.00 | OK | |
| r-patched-linux-x86_64 | 1.1 | 1.57 | 20.91 | 22.48 | OK | |
| r-release-linux-x86_64 | 1.1 | 1.51 | 21.03 | 22.54 | OK | |
| r-release-macos-arm64 | 1.1 | 1.00 | 16.00 | 17.00 | OK | |
| r-release-macos-x86_64 | 1.1 | 2.00 | 24.00 | 26.00 | OK | |
| r-release-windows-x86_64 | 1.1 | 4.00 | 42.00 | 46.00 | OK | |
| r-oldrel-macos-arm64 | 1.1 | 1.00 | 15.00 | 16.00 | OK | |
| r-oldrel-macos-x86_64 | 1.1 | 1.00 | 20.00 | 21.00 | OK | |
| r-oldrel-windows-x86_64 | 1.1 | 3.00 | 42.00 | 45.00 | OK | 
Version: 1.1
Check: CRAN incoming feasibility
Result: NOTE
  Maintainer: ‘Abbas Parchami <parchami@uk.ac.ir>’
  
  No Authors@R field in DESCRIPTION.
  Please add one, modifying
    Authors@R: person(given = "Abbas",
                      family = "Parchami",
                      role = c("aut", "cre"),
                      email = "parchami@uk.ac.ir",
                      comment = "Department of Statistics, Faculty of Mathematics and Computer, Shahid Bahonar University of Kerman, Kerman, Iran")
  as necessary.
Flavors: r-devel-linux-x86_64-debian-clang, r-devel-linux-x86_64-debian-gcc