Last updated on 2025-10-31 02:50:25 CET.
| Flavor | Version | Tinstall | Tcheck | Ttotal | Status | Flags | 
|---|---|---|---|---|---|---|
| r-devel-linux-x86_64-debian-clang | 1.0 | 1.76 | 23.29 | 25.05 | NOTE | |
| r-devel-linux-x86_64-debian-gcc | 1.0 | 1.76 | 19.06 | 20.82 | NOTE | |
| r-devel-linux-x86_64-fedora-clang | 1.0 | 39.00 | OK | |||
| r-devel-linux-x86_64-fedora-gcc | 1.0 | 35.03 | OK | |||
| r-devel-windows-x86_64 | 1.0 | 4.00 | 40.00 | 44.00 | OK | |
| r-patched-linux-x86_64 | 1.0 | 2.05 | 21.81 | 23.86 | OK | |
| r-release-linux-x86_64 | 1.0 | 1.94 | 21.78 | 23.72 | OK | |
| r-release-macos-arm64 | 1.0 | 1.00 | 17.00 | 18.00 | OK | |
| r-release-macos-x86_64 | 1.0 | 2.00 | 24.00 | 26.00 | OK | |
| r-release-windows-x86_64 | 1.0 | 4.00 | 42.00 | 46.00 | OK | |
| r-oldrel-macos-arm64 | 1.0 | 1.00 | 16.00 | 17.00 | OK | |
| r-oldrel-macos-x86_64 | 1.0 | 2.00 | 20.00 | 22.00 | OK | |
| r-oldrel-windows-x86_64 | 1.0 | 5.00 | 47.00 | 52.00 | OK | 
Version: 1.0
Check: CRAN incoming feasibility
Result: NOTE
  Maintainer: ‘Pablo J. Villacorta <pjvi@decsai.ugr.es>’
  
  No Authors@R field in DESCRIPTION.
  Please add one, modifying
    Authors@R: person(given = c("Pablo", "J."),
                      family = "Villacorta",
                      role = c("aut", "cre"),
                      email = "pjvi@decsai.ugr.es")
  as necessary.
Flavors: r-devel-linux-x86_64-debian-clang, r-devel-linux-x86_64-debian-gcc