Last updated on 2025-10-31 02:50:25 CET.
| Flavor | Version | Tinstall | Tcheck | Ttotal | Status | Flags | 
|---|---|---|---|---|---|---|
| r-devel-linux-x86_64-debian-clang | 0.99 | 11.88 | 92.11 | 103.99 | NOTE | |
| r-devel-linux-x86_64-debian-gcc | 0.99 | 8.10 | 63.99 | 72.09 | NOTE | |
| r-devel-linux-x86_64-fedora-clang | 0.99 | 31.00 | 134.53 | 165.53 | OK | |
| r-devel-linux-x86_64-fedora-gcc | 0.99 | 23.00 | 571.00 | 594.00 | OK | |
| r-devel-windows-x86_64 | 0.99 | 13.00 | 92.00 | 105.00 | OK | |
| r-patched-linux-x86_64 | 0.99 | 11.19 | 85.78 | 96.97 | OK | |
| r-release-linux-x86_64 | 0.99 | 11.76 | 84.82 | 96.58 | OK | |
| r-release-macos-arm64 | 0.99 | 5.00 | 119.00 | 124.00 | OK | |
| r-release-macos-x86_64 | 0.99 | 10.00 | 264.00 | 274.00 | OK | |
| r-release-windows-x86_64 | 0.99 | 12.00 | 95.00 | 107.00 | OK | |
| r-oldrel-macos-arm64 | 0.99 | 5.00 | 118.00 | 123.00 | OK | |
| r-oldrel-macos-x86_64 | 0.99 | 8.00 | 237.00 | 245.00 | OK | |
| r-oldrel-windows-x86_64 | 0.99 | 17.00 | 121.00 | 138.00 | OK | 
Version: 0.99
Check: CRAN incoming feasibility
Result: NOTE
  Maintainer: ‘Arjun Sondhi <asondhi@uw.edu>’
  
  No Authors@R field in DESCRIPTION.
  Please add one, modifying
    Authors@R: c(person(given = "Arjun",
                        family = "Sondhi",
                        role = c("aut", "cre"),
                        email = "asondhi@uw.edu"),
                 person(given = "Ken",
                        family = "Rice",
                        role = "aut"))
  as necessary.
Flavors: r-devel-linux-x86_64-debian-clang, r-devel-linux-x86_64-debian-gcc