Last updated on 2025-10-31 02:50:25 CET.
| Flavor | Version | Tinstall | Tcheck | Ttotal | Status | Flags | 
|---|---|---|---|---|---|---|
| r-devel-linux-x86_64-debian-clang | 2.0.2 | 4.42 | 27.79 | 32.21 | NOTE | |
| r-devel-linux-x86_64-debian-gcc | 2.0.2 | 2.89 | 20.81 | 23.70 | NOTE | |
| r-devel-linux-x86_64-fedora-clang | 2.0.2 | 11.00 | 37.30 | 48.30 | OK | |
| r-devel-linux-x86_64-fedora-gcc | 2.0.2 | 17.00 | 31.55 | 48.55 | OK | |
| r-devel-windows-x86_64 | 2.0.2 | 5.00 | 44.00 | 49.00 | OK | |
| r-patched-linux-x86_64 | 2.0.2 | 4.23 | 25.56 | 29.79 | OK | |
| r-release-linux-x86_64 | 2.0.2 | 3.57 | 26.47 | 30.04 | OK | |
| r-release-macos-arm64 | 2.0.2 | 2.00 | 18.00 | 20.00 | OK | |
| r-release-macos-x86_64 | 2.0.2 | 6.00 | 37.00 | 43.00 | OK | |
| r-release-windows-x86_64 | 2.0.2 | 6.00 | 45.00 | 51.00 | OK | |
| r-oldrel-macos-arm64 | 2.0.2 | 2.00 | 20.00 | 22.00 | OK | |
| r-oldrel-macos-x86_64 | 2.0.2 | 3.00 | 24.00 | 27.00 | OK | |
| r-oldrel-windows-x86_64 | 2.0.2 | 5.00 | 49.00 | 54.00 | OK | 
Version: 2.0.2
Check: CRAN incoming feasibility
Result: NOTE
  Maintainer: ‘Emily Weiser <emily.l.weiser@gmail.com>’
  
  No Authors@R field in DESCRIPTION.
  Please add one, modifying
    Authors@R: c(person(given = c("Emily", "L."),
                        family = "Weiser",
                        role = "aut"),
                 person(given = "Emily",
                        family = "Weiser",
                        role = "cre",
                        email = "emily.l.weiser@gmail.com"))
  as necessary.
  
  Package CITATION file contains call(s) to old-style personList() or
  as.personList().  Please use c() on person objects instead.
  Package CITATION file contains call(s) to old-style citEntry().  Please
  use bibentry() instead.
Flavors: r-devel-linux-x86_64-debian-clang, r-devel-linux-x86_64-debian-gcc