CRAN Package Check Results for Package Anaconda

Last updated on 2025-10-30 02:48:56 CET.

Flavor Version Tinstall Tcheck Ttotal Status Flags
r-devel-linux-x86_64-debian-clang 0.1.5 32.98 281.87 314.85 OK
r-devel-linux-x86_64-debian-gcc 0.1.5 24.40 201.12 225.52 OK
r-devel-linux-x86_64-fedora-clang 0.1.5 182.00 356.99 538.99 OK
r-devel-linux-x86_64-fedora-gcc 0.1.5 197.00 327.78 524.78 OK
r-devel-windows-x86_64 0.1.5 35.00 263.00 298.00 OK
r-patched-linux-x86_64 0.1.5 0.29 1.89 2.18 ERROR
r-release-linux-x86_64 0.1.5 34.18 267.22 301.40 OK
r-release-macos-arm64 0.1.5 15.00 110.00 125.00 OK
r-release-macos-x86_64 0.1.5 36.00 210.00 246.00 OK
r-release-windows-x86_64 0.1.5 34.00 266.00 300.00 OK
r-oldrel-macos-arm64 0.1.5 15.00 104.00 119.00 OK
r-oldrel-macos-x86_64 0.1.5 30.00 153.00 183.00 OK
r-oldrel-windows-x86_64 0.1.5 47.00 344.00 391.00 OK

Check Details

Version: 0.1.5
Check: package dependencies
Result: ERROR Package required but not available: ‘DESeq2’ See section ‘The DESCRIPTION file’ in the ‘Writing R Extensions’ manual. Flavor: r-patched-linux-x86_64