Last updated on 2025-10-31 02:50:25 CET.
| Flavor | Version | Tinstall | Tcheck | Ttotal | Status | Flags | 
|---|---|---|---|---|---|---|
| r-devel-linux-x86_64-debian-clang | 2.0 | 3.15 | 73.42 | 76.57 | NOTE | |
| r-devel-linux-x86_64-debian-gcc | 2.0 | 2.59 | 58.67 | 61.26 | NOTE | |
| r-devel-linux-x86_64-fedora-clang | 2.0 | 118.83 | NOTE | |||
| r-devel-linux-x86_64-fedora-gcc | 2.0 | 18.00 | 116.91 | 134.91 | NOTE | |
| r-devel-windows-x86_64 | 2.0 | 11.00 | 102.00 | 113.00 | NOTE | |
| r-patched-linux-x86_64 | 2.0 | 3.63 | 70.42 | 74.05 | NOTE | |
| r-release-linux-x86_64 | 2.0 | 3.04 | 70.53 | 73.57 | NOTE | |
| r-release-macos-arm64 | 2.0 | 2.00 | 67.00 | 69.00 | NOTE | |
| r-release-macos-x86_64 | 2.0 | 5.00 | 105.00 | 110.00 | NOTE | |
| r-release-windows-x86_64 | 2.0 | 10.00 | 103.00 | 113.00 | NOTE | |
| r-oldrel-macos-arm64 | 2.0 | 2.00 | 52.00 | 54.00 | NOTE | |
| r-oldrel-macos-x86_64 | 2.0 | 5.00 | 77.00 | 82.00 | NOTE | |
| r-oldrel-windows-x86_64 | 2.0 | 11.00 | 123.00 | 134.00 | NOTE | 
Version: 2.0
Check: CRAN incoming feasibility
Result: NOTE
  Maintainer: ‘Eoghan T O'Halloran <eoghan.ohalloran2@mail.dcu.ie>’
  
  No Authors@R field in DESCRIPTION.
  Please add one, modifying
    Authors@R: c(person(given = c("Tiago", "R"),
                        family = "Magalhaes",
                        role = "aut"),
                 person(given = c("Eoghan", "T"),
                        family = "O'Halloran",
                        role = c("aut", "cre"),
                        email = "eoghan.ohalloran2@mail.dcu.ie"))
  as necessary.
Flavors: r-devel-linux-x86_64-debian-clang, r-devel-linux-x86_64-debian-gcc
Version: 2.0
Check: Rd files
Result: NOTE
  checkRd: (-1) AncestryMapper2.0-package.Rd:33: Escaped LaTeX specials: \~
  checkRd: (-1) AncestryMapper2.0-package.Rd:38: Escaped LaTeX specials: \~
Flavors: r-devel-linux-x86_64-debian-clang, r-devel-linux-x86_64-debian-gcc, r-devel-linux-x86_64-fedora-clang, r-devel-linux-x86_64-fedora-gcc, r-devel-windows-x86_64, r-patched-linux-x86_64, r-release-linux-x86_64, r-release-macos-arm64, r-release-macos-x86_64, r-release-windows-x86_64, r-oldrel-macos-arm64, r-oldrel-macos-x86_64, r-oldrel-windows-x86_64