Last updated on 2025-10-31 02:50:25 CET.
| Flavor | Version | Tinstall | Tcheck | Ttotal | Status | Flags | 
|---|---|---|---|---|---|---|
| r-devel-linux-x86_64-debian-clang | 0.1.0 | 134.27 | 188.53 | 322.80 | OK | |
| r-devel-linux-x86_64-debian-gcc | 0.1.0 | 113.86 | 141.87 | 255.73 | OK | |
| r-devel-linux-x86_64-fedora-clang | 0.1.0 | 339.00 | 161.77 | 500.77 | NOTE | |
| r-devel-linux-x86_64-fedora-gcc | 0.1.0 | 429.00 | 133.66 | 562.66 | NOTE | |
| r-devel-windows-x86_64 | 0.1.0 | 155.00 | 187.00 | 342.00 | OK | |
| r-patched-linux-x86_64 | 0.1.0 | 145.28 | 185.72 | 331.00 | OK | |
| r-release-linux-x86_64 | 0.1.0 | 148.49 | 187.70 | 336.19 | OK | |
| r-release-macos-arm64 | 0.1.0 | 52.00 | 61.00 | 113.00 | OK | |
| r-release-macos-x86_64 | 0.1.0 | 230.00 | 234.00 | 464.00 | OK | |
| r-release-windows-x86_64 | 0.1.0 | 155.00 | 194.00 | 349.00 | OK | |
| r-oldrel-macos-arm64 | 0.1.0 | 31.00 | 43.00 | 74.00 | NOTE | |
| r-oldrel-macos-x86_64 | 0.1.0 | 65.00 | 85.00 | 150.00 | NOTE | |
| r-oldrel-windows-x86_64 | 0.1.0 | 178.00 | 246.00 | 424.00 | NOTE | 
Version: 0.1.0
Check: dependencies in R code
Result: NOTE
  Namespace in Imports field not imported from: ‘RcppParallel’
    All declared Imports should be used.
Flavors: r-devel-linux-x86_64-fedora-clang, r-devel-linux-x86_64-fedora-gcc
Version: 0.1.0
Check: installed package size
Result: NOTE
    installed size is 40.1Mb
    sub-directories of 1Mb or more:
      libs  39.8Mb
Flavors: r-oldrel-macos-arm64, r-oldrel-macos-x86_64
Version: 0.1.0
Check: for GNU extensions in Makefiles
Result: NOTE
  GNU make is a SystemRequirements.
Flavors: r-oldrel-macos-arm64, r-oldrel-macos-x86_64, r-oldrel-windows-x86_64