Last updated on 2025-10-31 02:50:25 CET.
| Flavor | Version | Tinstall | Tcheck | Ttotal | Status | Flags | 
|---|---|---|---|---|---|---|
| r-devel-linux-x86_64-debian-clang | 1.1 | 3.35 | 37.87 | 41.22 | NOTE | |
| r-devel-linux-x86_64-debian-gcc | 1.1 | 3.25 | 29.81 | 33.06 | NOTE | |
| r-devel-linux-x86_64-fedora-clang | 1.1 | 62.65 | NOTE | |||
| r-devel-linux-x86_64-fedora-gcc | 1.1 | 60.37 | NOTE | |||
| r-devel-windows-x86_64 | 1.1 | 5.00 | 61.00 | 66.00 | NOTE | |
| r-patched-linux-x86_64 | 1.1 | 4.25 | 36.30 | 40.55 | NOTE | |
| r-release-linux-x86_64 | 1.1 | 3.32 | 36.05 | 39.37 | NOTE | |
| r-release-macos-arm64 | 1.1 | 2.00 | 24.00 | 26.00 | NOTE | |
| r-release-macos-x86_64 | 1.1 | 3.00 | 37.00 | 40.00 | NOTE | |
| r-release-windows-x86_64 | 1.1 | 6.00 | 61.00 | 67.00 | NOTE | |
| r-oldrel-macos-arm64 | 1.1 | 2.00 | 19.00 | 21.00 | NOTE | |
| r-oldrel-macos-x86_64 | 1.1 | 5.00 | 45.00 | 50.00 | NOTE | |
| r-oldrel-windows-x86_64 | 1.1 | 7.00 | 68.00 | 75.00 | NOTE | 
Version: 1.1
Check: CRAN incoming feasibility
Result: NOTE
  Maintainer: ‘Yao Geng <gengyao0103521@qq.com>’
  
  No Authors@R field in DESCRIPTION.
  Please add one, modifying
    Authors@R: c(person(given = "Xiaoyu",
                        family = "Zhang",
                        role = "aut"),
                 person(given = "Yao",
                        family = "Geng",
                        role = "cre",
                        email = "gengyao0103521@qq.com"))
  as necessary.
Flavors: r-devel-linux-x86_64-debian-clang, r-devel-linux-x86_64-debian-gcc
Version: 1.1
Check: Rd files
Result: NOTE
  checkRd: (-1) Autoplotprotein-package.Rd:27: Lost braces
      27 | code{\link{help}}
         |     ^
  checkRd: (-1) Autoplotprotein.Rd:25: Lost braces
      25 | code{\link{help}}
         |     ^
  checkRd: (-1) data.Rd:22: Lost braces
      22 | code{\link{help}}
         |     ^
  checkRd: (-1) domain_data.Rd:29: Lost braces
      29 | code{\link{help}}
         |     ^
  checkRd: (-1) length_data.Rd:32: Lost braces
      32 | code{\link{help}}
         |     ^
  checkRd: (-1) plotdomain.Rd:30: Lost braces
      30 | code{\link{help}}
         |     ^
  checkRd: (-1) plotmutagensis.Rd:30: Lost braces
      30 | code{\link{help}}
         |     ^
  checkRd: (-1) plotsite.Rd:30: Lost braces
      30 | code{\link{help}}
         |     ^
  checkRd: (-1) site_data.Rd:30: Lost braces
      30 | code{\link{help}}
         |     ^
Flavors: r-devel-linux-x86_64-debian-clang, r-devel-linux-x86_64-debian-gcc, r-devel-linux-x86_64-fedora-clang, r-devel-linux-x86_64-fedora-gcc, r-devel-windows-x86_64, r-patched-linux-x86_64, r-release-linux-x86_64, r-release-macos-arm64, r-release-macos-x86_64, r-release-windows-x86_64, r-oldrel-macos-arm64, r-oldrel-macos-x86_64, r-oldrel-windows-x86_64