Last updated on 2025-07-23 02:53:52 CEST.
Flavor | Version | Tinstall | Tcheck | Ttotal | Status | Flags |
---|---|---|---|---|---|---|
r-devel-linux-x86_64-debian-clang | 1.0.0 | 1.63 | 21.06 | 22.69 | NOTE | |
r-devel-linux-x86_64-debian-gcc | 1.0.0 | 1.59 | 17.19 | 18.78 | NOTE | |
r-devel-linux-x86_64-fedora-clang | 1.0.0 | 35.29 | OK | |||
r-devel-linux-x86_64-fedora-gcc | 1.0.0 | 34.71 | OK | |||
r-devel-windows-x86_64 | 1.0.0 | 3.00 | 43.00 | 46.00 | OK | |
r-patched-linux-x86_64 | 1.0.0 | 1.94 | 19.92 | 21.86 | OK | |
r-release-linux-x86_64 | 1.0.0 | 1.92 | 19.89 | 21.81 | OK | |
r-release-macos-arm64 | 1.0.0 | 19.00 | OK | |||
r-release-macos-x86_64 | 1.0.0 | 26.00 | OK | |||
r-release-windows-x86_64 | 1.0.0 | 3.00 | 42.00 | 45.00 | OK | |
r-oldrel-macos-arm64 | 1.0.0 | 17.00 | OK | |||
r-oldrel-macos-x86_64 | 1.0.0 | 22.00 | OK | |||
r-oldrel-windows-x86_64 | 1.0.0 | 4.00 | 48.00 | 52.00 | OK |
Version: 1.0.0
Check: CRAN incoming feasibility
Result: NOTE
Maintainer: ‘Jiawei Zhang <zhan4362@umn.edu>’
The Description field contains
can be found in Zhang, Ding and Yang (2021) <arXiv:1911.03063v2>.
Please refer to arXiv e-prints via their arXiv DOI <doi:10.48550/arXiv.YYMM.NNNNN>.
Flavors: r-devel-linux-x86_64-debian-clang, r-devel-linux-x86_64-debian-gcc