Last updated on 2025-10-31 02:50:25 CET.
| Flavor | Version | Tinstall | Tcheck | Ttotal | Status | Flags | 
|---|---|---|---|---|---|---|
| r-devel-linux-x86_64-debian-clang | 0.2.0 | 4.39 | 96.49 | 100.88 | NOTE | |
| r-devel-linux-x86_64-debian-gcc | 0.2.0 | 2.96 | 62.40 | 65.36 | NOTE | |
| r-devel-linux-x86_64-fedora-clang | 0.2.0 | 160.68 | OK | |||
| r-devel-linux-x86_64-fedora-gcc | 0.2.0 | 30.00 | 160.89 | 190.89 | OK | |
| r-devel-windows-x86_64 | 0.2.0 | 7.00 | 111.00 | 118.00 | OK | |
| r-patched-linux-x86_64 | 0.2.0 | 3.60 | 94.84 | 98.44 | OK | |
| r-release-linux-x86_64 | 0.2.0 | 4.54 | 94.40 | 98.94 | OK | |
| r-release-macos-arm64 | 0.2.0 | 2.00 | 51.00 | 53.00 | OK | |
| r-release-macos-x86_64 | 0.2.0 | 7.00 | 124.00 | 131.00 | OK | |
| r-release-windows-x86_64 | 0.2.0 | 6.00 | 114.00 | 120.00 | OK | |
| r-oldrel-macos-arm64 | 0.2.0 | 2.00 | 59.00 | 61.00 | NOTE | |
| r-oldrel-macos-x86_64 | 0.2.0 | 4.00 | 82.00 | 86.00 | NOTE | |
| r-oldrel-windows-x86_64 | 0.2.0 | 8.00 | 145.00 | 153.00 | NOTE | 
Version: 0.2.0
Check: CRAN incoming feasibility
Result: NOTE
  Maintainer: ‘Kyungtaek Park <qkrrudxor147@snu.ac.kr>’
  
  No Authors@R field in DESCRIPTION.
  Please add one, modifying
    Authors@R: person(given = "Kyungtaek",
                      family = "Park",
                      role = c("aut", "cre"),
                      email = "qkrrudxor147@snu.ac.kr")
  as necessary.
Flavors: r-devel-linux-x86_64-debian-clang, r-devel-linux-x86_64-debian-gcc
Version: 0.2.0
Check: LazyData
Result: NOTE
    'LazyData' is specified without a 'data' directory
Flavors: r-oldrel-macos-arm64, r-oldrel-macos-x86_64, r-oldrel-windows-x86_64