Last updated on 2025-10-31 02:50:26 CET.
| Flavor | Version | Tinstall | Tcheck | Ttotal | Status | Flags | 
|---|---|---|---|---|---|---|
| r-devel-linux-x86_64-debian-clang | 3.0-6 | 676.35 | 33.77 | 710.12 | OK | |
| r-devel-linux-x86_64-debian-gcc | 3.0-6 | 618.22 | 26.23 | 644.45 | OK | |
| r-devel-linux-x86_64-fedora-clang | 3.0-6 | 1320.00 | 83.49 | 1403.49 | OK | |
| r-devel-linux-x86_64-fedora-gcc | 3.0-6 | 1560.00 | 147.41 | 1707.41 | OK | |
| r-devel-windows-x86_64 | 3.0-6 | 1021.00 | 61.00 | 1082.00 | OK | |
| r-patched-linux-x86_64 | 3.0-6 | 843.98 | 30.15 | 874.13 | OK | |
| r-release-linux-x86_64 | 3.0-6 | 848.80 | 29.88 | 878.68 | OK | |
| r-release-macos-arm64 | 3.0-6 | 354.00 | 29.00 | 383.00 | OK | |
| r-release-macos-x86_64 | 3.0-6 | 249.00 | 57.00 | 306.00 | OK | |
| r-release-windows-x86_64 | 3.0-6 | 1056.00 | 64.00 | 1120.00 | OK | |
| r-oldrel-macos-arm64 | 3.0-6 | 376.00 | 53.00 | 429.00 | NOTE | |
| r-oldrel-macos-x86_64 | 3.0-6 | 242.00 | 74.00 | 316.00 | NOTE | |
| r-oldrel-windows-x86_64 | 3.0-6 | 1081.00 | 73.00 | 1154.00 | NOTE | 
Version: 3.0-6
Check: installed package size
Result: NOTE
    installed size is 10.8Mb
    sub-directories of 1Mb or more:
      libs  10.7Mb
Flavors: r-oldrel-macos-arm64, r-oldrel-macos-x86_64, r-oldrel-windows-x86_64
Version: 3.0-6
Check: for GNU extensions in Makefiles
Result: NOTE
  GNU make is a SystemRequirements.
Flavors: r-oldrel-macos-arm64, r-oldrel-macos-x86_64, r-oldrel-windows-x86_64