Last updated on 2025-10-30 02:48:57 CET.
| Flavor | Version | Tinstall | Tcheck | Ttotal | Status | Flags | 
|---|---|---|---|---|---|---|
| r-devel-linux-x86_64-debian-clang | 10.5.1 | 2.84 | 37.98 | 40.82 | OK | |
| r-devel-linux-x86_64-debian-gcc | 10.5.1 | 2.17 | 30.04 | 32.21 | OK | |
| r-devel-linux-x86_64-fedora-clang | 10.5.1 | 64.12 | OK | |||
| r-devel-linux-x86_64-fedora-gcc | 10.5.1 | 61.91 | OK | |||
| r-devel-windows-x86_64 | 10.5.1 | 6.00 | 50.00 | 56.00 | OK | |
| r-patched-linux-x86_64 | 10.5.1 | 2.62 | 35.55 | 38.17 | OK | |
| r-release-linux-x86_64 | 10.5.1 | 2.84 | 35.88 | 38.72 | OK | |
| r-release-macos-arm64 | 10.5.1 | 2.00 | 52.00 | 54.00 | OK | |
| r-release-macos-x86_64 | 10.5.1 | 3.00 | 80.00 | 83.00 | OK | |
| r-release-windows-x86_64 | 10.5.1 | 5.00 | 53.00 | 58.00 | OK | |
| r-oldrel-macos-arm64 | 10.5.1 | 2.00 | 44.00 | 46.00 | NOTE | |
| r-oldrel-macos-x86_64 | 10.5.1 | 3.00 | 68.00 | 71.00 | NOTE | |
| r-oldrel-windows-x86_64 | 10.5.1 | 5.00 | 61.00 | 66.00 | NOTE | 
Version: 10.5.1
Check: installed package size
Result: NOTE
    installed size is  8.6Mb
    sub-directories of 1Mb or more:
      java   8.6Mb
Flavors: r-oldrel-macos-arm64, r-oldrel-macos-x86_64, r-oldrel-windows-x86_64