Last updated on 2025-10-31 02:50:27 CET.
| Flavor | Version | Tinstall | Tcheck | Ttotal | Status | Flags | 
|---|---|---|---|---|---|---|
| r-devel-linux-x86_64-debian-clang | 2.8.2 | 1.89 | 23.70 | 25.59 | NOTE | |
| r-devel-linux-x86_64-debian-gcc | 2.8.2 | 1.72 | 18.99 | 20.71 | NOTE | |
| r-devel-linux-x86_64-fedora-clang | 2.8.2 | 37.15 | OK | |||
| r-devel-linux-x86_64-fedora-gcc | 2.8.2 | 35.84 | OK | |||
| r-devel-windows-x86_64 | 2.8.2 | 4.00 | 47.00 | 51.00 | OK | |
| r-patched-linux-x86_64 | 2.8.2 | 2.16 | 22.05 | 24.21 | OK | |
| r-release-linux-x86_64 | 2.8.2 | 1.93 | 22.44 | 24.37 | OK | |
| r-release-macos-arm64 | 2.8.2 | 1.00 | 17.00 | 18.00 | OK | |
| r-release-macos-x86_64 | 2.8.2 | 3.00 | 30.00 | 33.00 | OK | |
| r-release-windows-x86_64 | 2.8.2 | 3.00 | 50.00 | 53.00 | OK | |
| r-oldrel-macos-arm64 | 2.8.2 | 1.00 | 20.00 | 21.00 | OK | |
| r-oldrel-macos-x86_64 | 2.8.2 | 2.00 | 28.00 | 30.00 | OK | |
| r-oldrel-windows-x86_64 | 2.8.2 | 4.00 | 47.00 | 51.00 | OK | 
Version: 2.8.2
Check: CRAN incoming feasibility
Result: NOTE
  Maintainer: ‘Zhongheng Zhang <zh_zhang1984@zju.edu.cn>’
  
  No Authors@R field in DESCRIPTION.
  Please add one, modifying
    Authors@R: c(person(given = "Zhongheng",
                        family = "Zhang",
                        role = c("aut", "cre"),
                        email = "zh_zhang1984@zju.edu.cn"),
                 person(given = c("Sir", "Run", "Run", "Shaw"),
                        family = "hospital",
                        role = "aut"),
                 person(given = c("Zhejiang", "university", "school", "of"),
                        family = "medicine",
                        role = "aut"))
  as necessary.
  
  Found the following \keyword or \concept entries
  which likely give several index terms:
    File ‘CBCgrps2.6-package.Rd’:
      \keyword{ bivariate analysis; statisitcal descript [TRUNCATED]
Flavors: r-devel-linux-x86_64-debian-clang, r-devel-linux-x86_64-debian-gcc