Last updated on 2025-10-31 02:50:27 CET.
| Flavor | Version | Tinstall | Tcheck | Ttotal | Status | Flags | 
|---|---|---|---|---|---|---|
| r-devel-linux-x86_64-debian-clang | 0.2.1 | 41.89 | 30.53 | 72.42 | OK | |
| r-devel-linux-x86_64-debian-gcc | 0.2.1 | 26.31 | 24.67 | 50.98 | OK | |
| r-devel-linux-x86_64-fedora-clang | 0.2.1 | 57.00 | 66.93 | 123.93 | OK | |
| r-devel-linux-x86_64-fedora-gcc | 0.2.1 | 69.00 | 50.07 | 119.07 | OK | |
| r-devel-windows-x86_64 | 0.2.1 | 46.00 | 62.00 | 108.00 | OK | |
| r-patched-linux-x86_64 | 0.2.1 | 41.60 | 29.92 | 71.52 | OK | |
| r-release-linux-x86_64 | 0.2.1 | 41.41 | 30.10 | 71.51 | OK | |
| r-release-macos-arm64 | 0.2.1 | 16.00 | 19.00 | 35.00 | OK | |
| r-release-macos-x86_64 | 0.2.1 | 20.00 | 31.00 | 51.00 | OK | |
| r-release-windows-x86_64 | 0.2.1 | 49.00 | 69.00 | 118.00 | OK | |
| r-oldrel-macos-arm64 | 0.2.1 | 13.00 | 24.00 | 37.00 | NOTE | |
| r-oldrel-macos-x86_64 | 0.2.1 | 21.00 | 33.00 | 54.00 | NOTE | |
| r-oldrel-windows-x86_64 | 0.2.1 | 55.00 | 85.00 | 140.00 | NOTE | 
Version: 0.2.1
Check: installed package size
Result: NOTE
    installed size is 22.1Mb
    sub-directories of 1Mb or more:
      doc   16.4Mb
      libs   5.6Mb
Flavors: r-oldrel-macos-arm64, r-oldrel-macos-x86_64, r-oldrel-windows-x86_64