Last updated on 2025-10-31 02:50:27 CET.
| Flavor | Version | Tinstall | Tcheck | Ttotal | Status | Flags | 
|---|---|---|---|---|---|---|
| r-devel-linux-x86_64-debian-clang | 1.3 | 7.97 | 69.18 | 77.15 | NOTE | |
| r-devel-linux-x86_64-debian-gcc | 1.3 | 5.88 | 51.73 | 57.61 | NOTE | |
| r-devel-linux-x86_64-fedora-clang | 1.3 | 19.00 | 98.81 | 117.81 | OK | |
| r-devel-linux-x86_64-fedora-gcc | 1.3 | 18.00 | 97.14 | 115.14 | OK | |
| r-devel-windows-x86_64 | 1.3 | 10.00 | 77.00 | 87.00 | OK | |
| r-patched-linux-x86_64 | 1.3 | 8.54 | 66.25 | 74.79 | OK | |
| r-release-linux-x86_64 | 1.3 | 6.86 | 65.58 | 72.44 | OK | |
| r-release-macos-arm64 | 1.3 | 5.00 | 34.00 | 39.00 | OK | |
| r-release-macos-x86_64 | 1.3 | 6.00 | 55.00 | 61.00 | OK | |
| r-release-windows-x86_64 | 1.3 | 10.00 | 79.00 | 89.00 | OK | |
| r-oldrel-macos-arm64 | 1.3 | 4.00 | 34.00 | 38.00 | OK | |
| r-oldrel-macos-x86_64 | 1.3 | 7.00 | 48.00 | 55.00 | OK | |
| r-oldrel-windows-x86_64 | 1.3 | 14.00 | 97.00 | 111.00 | OK | 
Version: 1.3
Check: CRAN incoming feasibility
Result: NOTE
  Maintainer: ‘Benoit Liquet <b.liquet@uq.edu.au>’
  
  No Authors@R field in DESCRIPTION.
  Please add one, modifying
    Authors@R: c(person(given = "Tim",
                        family = "Benham",
                        role = "aut"),
                 person(given = "Qibin",
                        family = "Duan",
                        role = "aut"),
                 person(given = c("Dirk", "P."),
                        family = "Kroese",
                        role = "aut"),
                 person(given = "Benoit",
                        family = "Liquet",
                        role = c("aut", "cre"),
                        email = "b.liquet@uq.edu.au"))
  as necessary.
Flavors: r-devel-linux-x86_64-debian-clang, r-devel-linux-x86_64-debian-gcc