Last updated on 2025-10-30 02:48:59 CET.
| Flavor | Version | Tinstall | Tcheck | Ttotal | Status | Flags | 
|---|---|---|---|---|---|---|
| r-devel-linux-x86_64-debian-clang | 0.8.1 | 26.86 | 105.31 | 132.17 | NOTE | |
| r-devel-linux-x86_64-debian-gcc | 0.8.1 | 17.92 | 77.17 | 95.09 | NOTE | |
| r-devel-linux-x86_64-fedora-clang | 0.8.1 | 55.00 | 168.87 | 223.87 | OK | |
| r-devel-linux-x86_64-fedora-gcc | 0.8.1 | 60.00 | 169.94 | 229.94 | OK | |
| r-devel-windows-x86_64 | 0.8.1 | 32.00 | 276.00 | 308.00 | OK | |
| r-patched-linux-x86_64 | 0.8.1 | 29.45 | 102.55 | 132.00 | OK | |
| r-release-linux-x86_64 | 0.8.1 | 27.81 | 101.80 | 129.61 | OK | |
| r-release-macos-arm64 | 0.8.1 | 11.00 | 54.00 | 65.00 | OK | |
| r-release-macos-x86_64 | 0.8.1 | 13.00 | 112.00 | 125.00 | OK | |
| r-release-windows-x86_64 | 0.8.1 | 37.00 | 279.00 | 316.00 | OK | |
| r-oldrel-macos-arm64 | 0.8.1 | 10.00 | 58.00 | 68.00 | OK | |
| r-oldrel-macos-x86_64 | 0.8.1 | 12.00 | 87.00 | 99.00 | OK | |
| r-oldrel-windows-x86_64 | 0.8.1 | 38.00 | 250.00 | 288.00 | OK | 
Version: 0.8.1
Check: CRAN incoming feasibility
Result: NOTE
  Maintainer: ‘Andrew Raim <andrew.raim@gmail.com>’
  
  No Authors@R field in DESCRIPTION.
  Please add one, modifying
    Authors@R: c(person(given = c("Kimberly", "Sellers", "Thomas", "Lotze", "<thomas.lotze@thomaslotze.com>", "Andrew", "Raim"),
                        family = "<andrew.raim@gmail.com>",
                        role = "aut",
                        email = "andrew.raim@gmail.com"),
                 person(given = "Andrew",
                        family = "Raim",
                        role = "cre",
                        email = "andrew.raim@gmail.com"))
  as necessary.
Flavors: r-devel-linux-x86_64-debian-clang, r-devel-linux-x86_64-debian-gcc