Last updated on 2025-10-31 02:50:28 CET.
| Flavor | Version | Tinstall | Tcheck | Ttotal | Status | Flags | 
|---|---|---|---|---|---|---|
| r-devel-linux-x86_64-debian-clang | 0.2.1 | 11.60 | 86.99 | 98.59 | NOTE | |
| r-devel-linux-x86_64-debian-gcc | 0.2.1 | 8.07 | 61.74 | 69.81 | NOTE | |
| r-devel-linux-x86_64-fedora-clang | 0.2.1 | 28.00 | 121.10 | 149.10 | NOTE | |
| r-devel-linux-x86_64-fedora-gcc | 0.2.1 | 20.00 | 117.97 | 137.97 | NOTE | |
| r-devel-windows-x86_64 | 0.2.1 | 11.00 | 86.00 | 97.00 | NOTE | |
| r-patched-linux-x86_64 | 0.2.1 | 8.32 | 79.06 | 87.38 | NOTE | |
| r-release-linux-x86_64 | 0.2.1 | 11.12 | 80.04 | 91.16 | NOTE | |
| r-release-macos-arm64 | 0.2.1 | 5.00 | 37.00 | 42.00 | NOTE | |
| r-release-macos-x86_64 | 0.2.1 | 11.00 | 75.00 | 86.00 | NOTE | |
| r-release-windows-x86_64 | 0.2.1 | 11.00 | 88.00 | 99.00 | NOTE | |
| r-oldrel-macos-arm64 | 0.2.1 | 5.00 | 38.00 | 43.00 | NOTE | |
| r-oldrel-macos-x86_64 | 0.2.1 | 7.00 | 54.00 | 61.00 | NOTE | |
| r-oldrel-windows-x86_64 | 0.2.1 | 17.00 | 111.00 | 128.00 | NOTE | 
Version: 0.2.1
Check: CRAN incoming feasibility
Result: NOTE
  Maintainer: ‘Francis Huang <flhuang2000@yahoo.com>’
  
  Package CITATION file contains call(s) to old-style personList() or
  as.personList().  Please use c() on person objects instead.
  Package CITATION file contains call(s) to old-style citEntry().  Please
  use bibentry() instead.
Flavors: r-devel-linux-x86_64-debian-clang, r-devel-linux-x86_64-debian-gcc
Version: 0.2.1
Check: Rd files
Result: NOTE
  checkRd: (-1) sharedat.Rd:23: Lost braces
      23 | \doi{10.7910/DVN/YXMQZM}{Harvard dataverse}
         |                         ^
Flavors: r-devel-linux-x86_64-debian-clang, r-devel-linux-x86_64-debian-gcc, r-devel-linux-x86_64-fedora-clang, r-devel-linux-x86_64-fedora-gcc, r-devel-windows-x86_64, r-patched-linux-x86_64, r-release-linux-x86_64, r-release-macos-arm64, r-release-macos-x86_64, r-release-windows-x86_64, r-oldrel-macos-arm64, r-oldrel-macos-x86_64, r-oldrel-windows-x86_64