Last updated on 2025-10-31 02:50:27 CET.
| Flavor | Version | Tinstall | Tcheck | Ttotal | Status | Flags | 
|---|---|---|---|---|---|---|
| r-devel-linux-x86_64-debian-clang | 1.3.0 | 8.85 | 92.16 | 101.01 | NOTE | |
| r-devel-linux-x86_64-debian-gcc | 1.3.0 | 6.49 | 66.34 | 72.83 | NOTE | |
| r-devel-linux-x86_64-fedora-clang | 1.3.0 | 28.00 | 140.33 | 168.33 | OK | |
| r-devel-linux-x86_64-fedora-gcc | 1.3.0 | 19.00 | 134.88 | 153.88 | OK | |
| r-devel-windows-x86_64 | 1.3.0 | 9.00 | 99.00 | 108.00 | OK | |
| r-patched-linux-x86_64 | 1.3.0 | 9.43 | 86.78 | 96.21 | OK | |
| r-release-linux-x86_64 | 1.3.0 | 8.56 | 88.18 | 96.74 | OK | |
| r-release-macos-arm64 | 1.3.0 | 5.00 | 46.00 | 51.00 | OK | |
| r-release-macos-x86_64 | 1.3.0 | 9.00 | 116.00 | 125.00 | OK | |
| r-release-windows-x86_64 | 1.3.0 | 11.00 | 100.00 | 111.00 | OK | |
| r-oldrel-macos-arm64 | 1.3.0 | 5.00 | 42.00 | 47.00 | NOTE | |
| r-oldrel-macos-x86_64 | 1.3.0 | 11.00 | 62.00 | 73.00 | NOTE | |
| r-oldrel-windows-x86_64 | 1.3.0 | 14.00 | 121.00 | 135.00 | NOTE | 
Version: 1.3.0
Check: CRAN incoming feasibility
Result: NOTE
  Maintainer: ‘Oyvind Langsrud <oyl@ssb.no>’
  
  No Authors@R field in DESCRIPTION.
  Please add one, modifying
    Authors@R: c(person(given = "Øyvind",
                        family = "Langsrud",
                        role = "aut"),
                 person(given = "Oyvind",
                        family = "Langsrud",
                        role = "cre",
                        email = "oyl@ssb.no"))
  as necessary.
Flavors: r-devel-linux-x86_64-debian-clang, r-devel-linux-x86_64-debian-gcc
Version: 1.3.0
Check: package dependencies
Result: NOTE
  Package suggested but not available for checking: ‘ReGenesees’
Flavors: r-oldrel-macos-arm64, r-oldrel-macos-x86_64, r-oldrel-windows-x86_64