Last updated on 2025-10-31 02:50:27 CET.
| Flavor | Version | Tinstall | Tcheck | Ttotal | Status | Flags | 
|---|---|---|---|---|---|---|
| r-devel-linux-x86_64-debian-clang | 0.0-4 | 3.24 | 35.56 | 38.80 | NOTE | |
| r-devel-linux-x86_64-debian-gcc | 0.0-4 | 2.36 | 27.38 | 29.74 | NOTE | |
| r-devel-linux-x86_64-fedora-clang | 0.0-4 | 30.00 | 34.38 | 64.38 | OK | |
| r-devel-linux-x86_64-fedora-gcc | 0.0-4 | 20.00 | 39.92 | 59.92 | OK | |
| r-devel-windows-x86_64 | 0.0-4 | 5.00 | 51.00 | 56.00 | OK | |
| r-patched-linux-x86_64 | 0.0-4 | 2.17 | 33.62 | 35.79 | OK | |
| r-release-linux-x86_64 | 0.0-4 | 3.32 | 33.71 | 37.03 | OK | |
| r-release-macos-arm64 | 0.0-4 | 2.00 | 25.00 | 27.00 | OK | |
| r-release-macos-x86_64 | 0.0-4 | 3.00 | 38.00 | 41.00 | OK | |
| r-release-windows-x86_64 | 0.0-4 | 6.00 | 54.00 | 60.00 | OK | |
| r-oldrel-macos-arm64 | 0.0-4 | 2.00 | 20.00 | 22.00 | NOTE | |
| r-oldrel-macos-x86_64 | 0.0-4 | 3.00 | 28.00 | 31.00 | NOTE | |
| r-oldrel-windows-x86_64 | 0.0-4 | 6.00 | 62.00 | 68.00 | NOTE | 
Version: 0.0-4
Check: CRAN incoming feasibility
Result: NOTE
  Maintainer: ‘Matthieu Herrmann <matthieu.herrmann@monash.edu>’
  
  Package CITATION file contains call(s) to old-style personList() or
  as.personList().  Please use c() on person objects instead.
  Package CITATION file contains call(s) to old-style citEntry().  Please
  use bibentry() instead.
Flavors: r-devel-linux-x86_64-debian-clang, r-devel-linux-x86_64-debian-gcc
Version: 0.0-4
Check: LazyData
Result: NOTE
    'LazyData' is specified without a 'data' directory
Flavors: r-oldrel-macos-arm64, r-oldrel-macos-x86_64, r-oldrel-windows-x86_64