Last updated on 2025-10-30 02:48:58 CET.
| Flavor | Version | Tinstall | Tcheck | Ttotal | Status | Flags | 
|---|---|---|---|---|---|---|
| r-devel-linux-x86_64-debian-clang | 0.9.0 | 118.62 | 46.51 | 165.13 | WARN | |
| r-devel-linux-x86_64-debian-gcc | 0.9.0 | 65.18 | 33.58 | 98.76 | WARN | |
| r-devel-linux-x86_64-fedora-clang | 0.9.0 | 521.00 | -193.39 | 327.61 | NOTE | |
| r-devel-linux-x86_64-fedora-gcc | 0.9.0 | 109.00 | 149.88 | 258.88 | NOTE | |
| r-devel-windows-x86_64 | 0.9.0 | 121.00 | 92.00 | 213.00 | NOTE | |
| r-patched-linux-x86_64 | 0.9.0 | 109.29 | 42.19 | 151.48 | NOTE | |
| r-release-linux-x86_64 | 0.9.0 | 106.18 | 42.53 | 148.71 | NOTE | |
| r-release-macos-arm64 | 0.9.0 | 51.00 | 28.00 | 79.00 | NOTE | |
| r-release-macos-x86_64 | 0.9.0 | 32.00 | 42.00 | 74.00 | NOTE | |
| r-release-windows-x86_64 | 0.9.0 | 122.00 | 92.00 | 214.00 | NOTE | |
| r-oldrel-macos-arm64 | 0.9.0 | 36.00 | 23.00 | 59.00 | NOTE | |
| r-oldrel-macos-x86_64 | 0.9.0 | 33.00 | 36.00 | 69.00 | NOTE | |
| r-oldrel-windows-x86_64 | 0.9.0 | 146.00 | 108.00 | 254.00 | NOTE | 
Version: 0.9.0
Check: CRAN incoming feasibility
Result: NOTE
  Maintainer: ‘Mario Santoro <santoro.ma@gmail.com>’
  
  The BugReports field in DESCRIPTION has
    https://github.com/santoroma/CircSpaceTime
  which should likely be
    https://github.com/santoroma/CircSpaceTime/issues
  instead.
Flavors: r-devel-linux-x86_64-debian-clang, r-devel-linux-x86_64-debian-gcc
Version: 0.9.0
Check: whether package can be installed
Result: WARN
  Found the following significant warnings:
    /home/hornik/tmp/R.check/r-devel-clang/Work/build/Packages/RcppArmadillo/include/RcppArmadillo/version/arma.h:66:17: warning: Using fallback compilation with Armadillo 14.6.3. Please consider defining -DARMA_USE_CURRENT and also removing C++11 compilation directive. See GitHub issue #475 for more. [-W#pragma-messages]
  See ‘/home/hornik/tmp/R.check/r-devel-clang/Work/PKGS/CircSpaceTime.Rcheck/00install.out’ for details.
  * used C++ compiler: ‘Debian clang version 19.1.7 (7)’
Flavor: r-devel-linux-x86_64-debian-clang
Version: 0.9.0
Check: C++ specification
Result: NOTE
    Specified C++11: please drop specification unless essential
Flavors: r-devel-linux-x86_64-debian-clang, r-devel-linux-x86_64-debian-gcc, r-devel-linux-x86_64-fedora-clang, r-devel-linux-x86_64-fedora-gcc, r-devel-windows-x86_64, r-patched-linux-x86_64, r-release-linux-x86_64, r-release-macos-arm64, r-release-macos-x86_64, r-release-windows-x86_64, r-oldrel-macos-arm64, r-oldrel-macos-x86_64, r-oldrel-windows-x86_64
Version: 0.9.0
Check: whether package can be installed
Result: WARN
  Found the following significant warnings:
    /home/hornik/tmp/R.check/r-devel-gcc/Work/build/Packages/RcppArmadillo/include/RcppArmadillo/version/arma.h:66:199: note: ‘#pragma message: Using fallback compilation with Armadillo 14.6.3. Please consider defining -DARMA_USE_CURRENT and also removing C++11 compilation directive. See GitHub issue #475 for more.’
  See ‘/home/hornik/tmp/R.check/r-devel-gcc/Work/PKGS/CircSpaceTime.Rcheck/00install.out’ for details.
  * used C++ compiler: ‘g++-15 (Debian 15.2.0-4) 15.2.0’
Flavor: r-devel-linux-x86_64-debian-gcc
Version: 0.9.0
Check: dependencies in R code
Result: NOTE
  Namespaces in Imports field not imported from:
    ‘RInside’ ‘circular’
    All declared Imports should be used.
Flavors: r-devel-linux-x86_64-fedora-clang, r-devel-linux-x86_64-fedora-gcc
Version: 0.9.0
Check: installed package size
Result: NOTE
    installed size is  7.1Mb
    sub-directories of 1Mb or more:
      data   1.8Mb
      libs   4.7Mb
Flavors: r-oldrel-macos-arm64, r-oldrel-macos-x86_64