Last updated on 2025-10-30 02:48:58 CET.
| Flavor | Version | Tinstall | Tcheck | Ttotal | Status | Flags |
|---|---|---|---|---|---|---|
| r-devel-linux-x86_64-debian-clang | 1.0.3 | 6.37 | 1038.57 | 1044.94 | OK | |
| r-devel-linux-x86_64-debian-gcc | 1.0.3 | 4.18 | 694.63 | 698.81 | OK | |
| r-devel-linux-x86_64-fedora-clang | 1.0.3 | 44.00 | 1724.70 | 1768.70 | NOTE | |
| r-devel-linux-x86_64-fedora-gcc | 1.0.3 | 16.00 | 1530.36 | 1546.36 | NOTE | |
| r-devel-windows-x86_64 | 1.0.3 | 8.00 | 650.00 | 658.00 | OK | |
| r-patched-linux-x86_64 | 1.0.3 | 6.00 | 998.93 | 1004.93 | OK | |
| r-release-linux-x86_64 | 1.0.3 | 6.71 | 983.89 | 990.60 | OK | |
| r-release-macos-arm64 | 1.0.3 | 3.00 | 310.00 | 313.00 | OK | |
| r-release-macos-x86_64 | 1.0.3 | 4.00 | 732.00 | 736.00 | OK | |
| r-release-windows-x86_64 | 1.0.3 | 8.00 | 652.00 | 660.00 | OK | |
| r-oldrel-macos-arm64 | 1.0.3 | 3.00 | 358.00 | 361.00 | OK | |
| r-oldrel-macos-x86_64 | 1.0.3 | 5.00 | 675.00 | 680.00 | OK | |
| r-oldrel-windows-x86_64 | 1.0.3 | 9.00 | 971.00 | 980.00 | OK |
Version: 1.0.3
Check: dependencies in R code
Result: NOTE
Namespace in Imports field not imported from: ‘checkmate’
All declared Imports should be used.
Flavors: r-devel-linux-x86_64-fedora-clang, r-devel-linux-x86_64-fedora-gcc