Last updated on 2025-10-31 02:50:28 CET.
| Flavor | Version | Tinstall | Tcheck | Ttotal | Status | Flags | 
|---|---|---|---|---|---|---|
| r-devel-linux-x86_64-debian-clang | 1.0.4 | 1.86 | 20.93 | 22.79 | NOTE | |
| r-devel-linux-x86_64-debian-gcc | 1.0.4 | 1.57 | 16.40 | 17.97 | NOTE | |
| r-devel-linux-x86_64-fedora-clang | 1.0.4 | 11.00 | 24.12 | 35.12 | OK | |
| r-devel-linux-x86_64-fedora-gcc | 1.0.4 | 31.17 | OK | |||
| r-devel-windows-x86_64 | 1.0.4 | 4.00 | 38.00 | 42.00 | OK | |
| r-patched-linux-x86_64 | 1.0.4 | 1.80 | 18.90 | 20.70 | OK | |
| r-release-linux-x86_64 | 1.0.4 | 1.75 | 19.16 | 20.91 | OK | |
| r-release-macos-arm64 | 1.0.4 | 1.00 | 14.00 | 15.00 | OK | |
| r-release-macos-x86_64 | 1.0.4 | 2.00 | 22.00 | 24.00 | OK | |
| r-release-windows-x86_64 | 1.0.4 | 3.00 | 59.00 | 62.00 | OK | |
| r-oldrel-macos-arm64 | 1.0.4 | 1.00 | 19.00 | 20.00 | OK | |
| r-oldrel-macos-x86_64 | 1.0.4 | 2.00 | 21.00 | 23.00 | OK | |
| r-oldrel-windows-x86_64 | 1.0.4 | 3.00 | 44.00 | 47.00 | OK | 
Version: 1.0.4
Check: CRAN incoming feasibility
Result: NOTE
  Maintainer: ‘Jia-Han Shih <tommy355097@gmail.com>’
  
  No Authors@R field in DESCRIPTION.
  Please add one, modifying
    Authors@R: person(given = "Jia-Han",
                      family = "Shih",
                      role = c("aut", "cre"),
                      email = "tommy355097@gmail.com")
  as necessary.
Flavors: r-devel-linux-x86_64-debian-clang, r-devel-linux-x86_64-debian-gcc