CRAN Package Check Results for Package ConSpline

Last updated on 2025-07-24 02:52:08 CEST.

Flavor Version Tinstall Tcheck Ttotal Status Flags
r-devel-linux-x86_64-debian-clang 1.2 3.02 30.07 33.09 NOTE
r-devel-linux-x86_64-debian-gcc 1.2 2.14 22.82 24.96 NOTE
r-devel-linux-x86_64-fedora-clang 1.2 51.01 OK
r-devel-linux-x86_64-fedora-gcc 1.2 48.52 OK
r-devel-windows-x86_64 1.2 4.00 49.00 53.00 OK
r-patched-linux-x86_64 1.2 2.65 28.78 31.43 OK
r-release-linux-x86_64 1.2 3.25 28.12 31.37 OK
r-release-macos-arm64 1.2 21.00 OK
r-release-macos-x86_64 1.2 44.00 OK
r-release-windows-x86_64 1.2 4.00 48.00 52.00 OK
r-oldrel-macos-arm64 1.2 22.00 OK
r-oldrel-macos-x86_64 1.2 32.00 OK
r-oldrel-windows-x86_64 1.2 5.00 55.00 60.00 OK

Check Details

Version: 1.2
Check: CRAN incoming feasibility
Result: NOTE Maintainer: ‘Mary C Meyer <meyer@stat.colostate.edu>’ No Authors@R field in DESCRIPTION. Please add one, modifying Authors@R: person(given = c("Mary", "C"), family = "Meyer", role = c("aut", "cre"), email = "meyer@stat.colostate.edu") as necessary. Flavors: r-devel-linux-x86_64-debian-clang, r-devel-linux-x86_64-debian-gcc