Last updated on 2025-10-31 02:50:28 CET.
| Flavor | Version | Tinstall | Tcheck | Ttotal | Status | Flags | 
|---|---|---|---|---|---|---|
| r-devel-linux-x86_64-debian-clang | 1.1 | 3.97 | 46.16 | 50.13 | NOTE | |
| r-devel-linux-x86_64-debian-gcc | 1.1 | 2.75 | 32.62 | 35.37 | NOTE | |
| r-devel-linux-x86_64-fedora-clang | 1.1 | 44.00 | 36.74 | 80.74 | OK | |
| r-devel-linux-x86_64-fedora-gcc | 1.1 | 73.71 | OK | |||
| r-devel-windows-x86_64 | 1.1 | 5.00 | 62.00 | 67.00 | OK | |
| r-patched-linux-x86_64 | 1.1 | 4.24 | 43.85 | 48.09 | OK | |
| r-release-linux-x86_64 | 1.1 | 3.33 | 43.51 | 46.84 | OK | |
| r-release-macos-arm64 | 1.1 | 2.00 | 26.00 | 28.00 | OK | |
| r-release-macos-x86_64 | 1.1 | 3.00 | 41.00 | 44.00 | OK | |
| r-release-windows-x86_64 | 1.1 | 5.00 | 62.00 | 67.00 | OK | |
| r-oldrel-macos-arm64 | 1.1 | 2.00 | 23.00 | 25.00 | OK | |
| r-oldrel-macos-x86_64 | 1.1 | 3.00 | 33.00 | 36.00 | OK | |
| r-oldrel-windows-x86_64 | 1.1 | 7.00 | 74.00 | 81.00 | OK | 
Version: 1.1
Check: CRAN incoming feasibility
Result: NOTE
  Maintainer: ‘Wim Van der Elst <Wim.vanderelst@gmail.com>’
  
  No Authors@R field in DESCRIPTION.
  Please add one, modifying
    Authors@R: c(person(given = "Wim",
                        family = "Van der Elst",
                        role = c("aut", "cre"),
                        email = "wim.vanderelst@gmail.com"),
                 person(given = "Geert",
                        family = "Molenberghs",
                        role = "aut"),
                 person(given = "Dieter",
                        family = "Hilgers",
                        role = "aut"),
                 person(given = c("&", "Nicole"),
                        family = "Heussen",
                        role = "aut"))
  as necessary.
Flavors: r-devel-linux-x86_64-debian-clang, r-devel-linux-x86_64-debian-gcc