Last updated on 2025-10-30 02:48:59 CET.
| Flavor | Version | Tinstall | Tcheck | Ttotal | Status | Flags |
|---|---|---|---|---|---|---|
| r-devel-linux-x86_64-debian-clang | 0.0.1 | 2.86 | 28.00 | 30.86 | OK | |
| r-devel-linux-x86_64-debian-gcc | 0.0.1 | 1.98 | 21.29 | 23.27 | OK | |
| r-devel-linux-x86_64-fedora-clang | 0.0.1 | 10.00 | 39.12 | 49.12 | NOTE | |
| r-devel-linux-x86_64-fedora-gcc | 0.0.1 | 10.00 | 36.82 | 46.82 | NOTE | |
| r-devel-windows-x86_64 | 0.0.1 | 5.00 | 45.00 | 50.00 | OK | |
| r-patched-linux-x86_64 | 0.0.1 | 0.22 | 1.94 | 2.16 | ERROR | |
| r-release-linux-x86_64 | 0.0.1 | 2.73 | 26.61 | 29.34 | OK | |
| r-release-macos-arm64 | 0.0.1 | 5.00 | ERROR | |||
| r-release-macos-x86_64 | 0.0.1 | 10.00 | ERROR | |||
| r-release-windows-x86_64 | 0.0.1 | 6.00 | 47.00 | 53.00 | OK | |
| r-oldrel-macos-arm64 | 0.0.1 | 9.00 | ERROR | |||
| r-oldrel-macos-x86_64 | 0.0.1 | 16.00 | ERROR | |||
| r-oldrel-windows-x86_64 | 0.0.1 | 6.00 | 49.00 | 55.00 | OK |
Version: 0.0.1
Check: dependencies in R code
Result: NOTE
Namespace in Imports field not imported from: ‘TCGAbiolinks’
All declared Imports should be used.
Flavors: r-devel-linux-x86_64-fedora-clang, r-devel-linux-x86_64-fedora-gcc
Version: 0.0.1
Check: package dependencies
Result: ERROR
Package required but not available: ‘TCGAbiolinks’
See section ‘The DESCRIPTION file’ in the ‘Writing R Extensions’
manual.
Flavors: r-patched-linux-x86_64, r-release-macos-arm64, r-release-macos-x86_64, r-oldrel-macos-arm64, r-oldrel-macos-x86_64