Last updated on 2025-10-30 02:48:59 CET.
| Flavor | Version | Tinstall | Tcheck | Ttotal | Status | Flags | 
|---|---|---|---|---|---|---|
| r-devel-linux-x86_64-debian-clang | 2.0 | 2.46 | 27.45 | 29.91 | NOTE | |
| r-devel-linux-x86_64-debian-gcc | 2.0 | 1.98 | 21.56 | 23.54 | NOTE | |
| r-devel-linux-x86_64-fedora-clang | 2.0 | 22.00 | 26.31 | 48.31 | OK | |
| r-devel-linux-x86_64-fedora-gcc | 2.0 | 41.75 | OK | |||
| r-devel-windows-x86_64 | 2.0 | 5.00 | 46.00 | 51.00 | OK | |
| r-patched-linux-x86_64 | 2.0 | 3.09 | 25.69 | 28.78 | OK | |
| r-release-linux-x86_64 | 2.0 | 2.61 | 25.95 | 28.56 | OK | |
| r-release-macos-arm64 | 2.0 | 2.00 | 15.00 | 17.00 | OK | |
| r-release-macos-x86_64 | 2.0 | 5.00 | 40.00 | 45.00 | OK | |
| r-release-windows-x86_64 | 2.0 | 4.00 | 49.00 | 53.00 | OK | |
| r-oldrel-macos-arm64 | 2.0 | 2.00 | 14.00 | 16.00 | OK | |
| r-oldrel-macos-x86_64 | 2.0 | 2.00 | 23.00 | 25.00 | OK | |
| r-oldrel-windows-x86_64 | 2.0 | 4.00 | 53.00 | 57.00 | OK | 
Version: 2.0
Check: CRAN incoming feasibility
Result: NOTE
  Maintainer: ‘Shaofeng Zhang <shaofeng.zhang@wmich.edu>’
  
  No Authors@R field in DESCRIPTION.
  Please add one, modifying
    Authors@R: c(person(given = c("Joseph", "W."),
                        family = "McKean",
                        role = "aut"),
                 person(given = "Shaofeng",
                        family = "Zhang",
                        role = c("aut", "cre"),
                        email = "shaofeng.zhang@wmich.edu"))
  as necessary.
Flavors: r-devel-linux-x86_64-debian-clang, r-devel-linux-x86_64-debian-gcc