Last updated on 2025-10-31 02:50:29 CET.
| Flavor | Version | Tinstall | Tcheck | Ttotal | Status | Flags | 
|---|---|---|---|---|---|---|
| r-devel-linux-x86_64-debian-clang | 0.5.3 | 325.83 | 135.76 | 461.59 | OK | |
| r-devel-linux-x86_64-debian-gcc | 0.5.3 | 260.68 | 114.69 | 375.37 | OK | |
| r-devel-linux-x86_64-fedora-clang | 0.5.3 | 1140.00 | -434.74 | 705.26 | OK | |
| r-devel-linux-x86_64-fedora-gcc | 0.5.3 | 900.00 | -41.91 | 858.09 | OK | |
| r-devel-windows-x86_64 | 0.5.3 | 309.00 | 163.00 | 472.00 | OK | |
| r-patched-linux-x86_64 | 0.5.3 | 367.98 | 149.82 | 517.80 | OK | |
| r-release-linux-x86_64 | 0.5.3 | 341.10 | 150.54 | 491.64 | OK | |
| r-release-macos-arm64 | 0.5.3 | 121.00 | 47.00 | 168.00 | OK | |
| r-release-macos-x86_64 | 0.5.3 | 181.00 | 85.00 | 266.00 | OK | |
| r-release-windows-x86_64 | 0.5.3 | 306.00 | 161.00 | 467.00 | OK | |
| r-oldrel-macos-arm64 | 0.5.3 | 116.00 | 47.00 | 163.00 | NOTE | |
| r-oldrel-macos-x86_64 | 0.5.3 | 154.00 | 66.00 | 220.00 | NOTE | |
| r-oldrel-windows-x86_64 | 0.5.3 | 355.00 | 209.00 | 564.00 | NOTE | 
Version: 0.5.3
Check: installed package size
Result: NOTE
    installed size is 84.0Mb
    sub-directories of 1Mb or more:
      libs  83.6Mb
Flavors: r-oldrel-macos-arm64, r-oldrel-macos-x86_64
Version: 0.5.3
Check: for GNU extensions in Makefiles
Result: NOTE
  GNU make is a SystemRequirements.
Flavors: r-oldrel-macos-arm64, r-oldrel-macos-x86_64, r-oldrel-windows-x86_64