Last updated on 2025-10-30 02:49:00 CET.
| Flavor | Version | Tinstall | Tcheck | Ttotal | Status | Flags | 
|---|---|---|---|---|---|---|
| r-devel-linux-x86_64-debian-clang | 0.1.0 | 17.02 | 115.54 | 132.56 | NOTE | |
| r-devel-linux-x86_64-debian-gcc | 0.1.0 | 11.26 | 79.85 | 91.11 | NOTE | |
| r-devel-linux-x86_64-fedora-clang | 0.1.0 | 43.00 | 154.86 | 197.86 | OK | |
| r-devel-linux-x86_64-fedora-gcc | 0.1.0 | 75.00 | 123.21 | 198.21 | OK | |
| r-devel-windows-x86_64 | 0.1.0 | 18.00 | 108.00 | 126.00 | OK | |
| r-patched-linux-x86_64 | 0.1.0 | 13.01 | 104.53 | 117.54 | OK | |
| r-release-linux-x86_64 | 0.1.0 | 14.88 | 105.17 | 120.05 | OK | |
| r-release-macos-arm64 | 0.1.0 | 6.00 | 50.00 | 56.00 | OK | |
| r-release-macos-x86_64 | 0.1.0 | 16.00 | 79.00 | 95.00 | OK | |
| r-release-windows-x86_64 | 0.1.0 | 17.00 | 112.00 | 129.00 | OK | |
| r-oldrel-macos-arm64 | 0.1.0 | 4.00 | 31.00 | 35.00 | NOTE | |
| r-oldrel-macos-x86_64 | 0.1.0 | 7.00 | 47.00 | 54.00 | NOTE | |
| r-oldrel-windows-x86_64 | 0.1.0 | 23.00 | 142.00 | 165.00 | NOTE | 
Version: 0.1.0
Check: CRAN incoming feasibility
Result: NOTE
  Maintainer: ‘Huseyin Yildiz <huseyinyildiz35@gmail.com>’
  
  No Authors@R field in DESCRIPTION.
  Please add one, modifying
    Authors@R: person(given = "Huseyin",
                      family = "Yildiz",
                      role = c("aut", "cre"),
                      email = "huseyinyildiz35@gmail.com")
  as necessary.
Flavors: r-devel-linux-x86_64-debian-clang, r-devel-linux-x86_64-debian-gcc
Version: 0.1.0
Check: LazyData
Result: NOTE
    'LazyData' is specified without a 'data' directory
Flavors: r-oldrel-macos-arm64, r-oldrel-macos-x86_64, r-oldrel-windows-x86_64