Last updated on 2025-10-31 02:50:29 CET.
| Flavor | Version | Tinstall | Tcheck | Ttotal | Status | Flags | 
|---|---|---|---|---|---|---|
| r-devel-linux-x86_64-debian-clang | 0.9.6 | 11.95 | 162.48 | 174.43 | OK | |
| r-devel-linux-x86_64-debian-gcc | 0.9.6 | 7.67 | 103.96 | 111.63 | OK | |
| r-devel-linux-x86_64-fedora-clang | 0.9.6 | 32.00 | 237.39 | 269.39 | OK | |
| r-devel-linux-x86_64-fedora-gcc | 0.9.6 | 23.00 | 245.09 | 268.09 | OK | |
| r-devel-windows-x86_64 | 0.9.6 | 12.00 | 155.00 | 167.00 | OK | |
| r-patched-linux-x86_64 | 0.9.6 | 12.28 | 150.37 | 162.65 | OK | |
| r-release-linux-x86_64 | 0.9.6 | 11.02 | 150.55 | 161.57 | OK | |
| r-release-macos-arm64 | 0.9.6 | 4.00 | 63.00 | 67.00 | OK | |
| r-release-macos-x86_64 | 0.9.6 | 17.00 | 158.00 | 175.00 | OK | |
| r-release-windows-x86_64 | 0.9.6 | 16.00 | 159.00 | 175.00 | OK | |
| r-oldrel-macos-arm64 | 0.9.6 | 4.00 | 65.00 | 69.00 | NOTE | |
| r-oldrel-macos-x86_64 | 0.9.6 | 7.00 | 97.00 | 104.00 | NOTE | |
| r-oldrel-windows-x86_64 | 0.9.6 | 17.00 | 213.00 | 230.00 | NOTE | 
Version: 0.9.6
Check: installed package size
Result: NOTE
    installed size is  5.3Mb
    sub-directories of 1Mb or more:
      appinformation   4.1Mb
Flavors: r-oldrel-macos-arm64, r-oldrel-macos-x86_64, r-oldrel-windows-x86_64