Last updated on 2025-10-30 02:48:59 CET.
| Flavor | Version | Tinstall | Tcheck | Ttotal | Status | Flags | 
|---|---|---|---|---|---|---|
| r-devel-linux-x86_64-debian-clang | 1.0 | 21.16 | 22.60 | 43.76 | NOTE | |
| r-devel-linux-x86_64-debian-gcc | 1.0 | 11.98 | 19.13 | 31.11 | NOTE | |
| r-devel-linux-x86_64-fedora-clang | 1.0 | 54.00 | 22.68 | 76.68 | OK | |
| r-devel-linux-x86_64-fedora-gcc | 1.0 | 31.00 | 34.56 | 65.56 | OK | |
| r-devel-windows-x86_64 | 1.0 | 26.00 | 63.00 | 89.00 | OK | |
| r-patched-linux-x86_64 | 1.0 | 20.09 | 21.46 | 41.55 | OK | |
| r-release-linux-x86_64 | 1.0 | 20.02 | 21.60 | 41.62 | OK | |
| r-release-macos-arm64 | 1.0 | 9.00 | 18.00 | 27.00 | OK | |
| r-release-macos-x86_64 | 1.0 | 13.00 | 27.00 | 40.00 | OK | |
| r-release-windows-x86_64 | 1.0 | 26.00 | 62.00 | 88.00 | OK | |
| r-oldrel-macos-arm64 | 1.0 | 8.00 | 17.00 | 25.00 | NOTE | |
| r-oldrel-macos-x86_64 | 1.0 | 11.00 | 30.00 | 41.00 | NOTE | |
| r-oldrel-windows-x86_64 | 1.0 | 31.00 | 76.00 | 107.00 | NOTE | 
Version: 1.0
Check: CRAN incoming feasibility
Result: NOTE
  Maintainer: ‘Svetlana Saarela <admin@svetlanasaarela.com>’
  
  No Authors@R field in DESCRIPTION.
  Please add one, modifying
    Authors@R: c(person(given = "Svetlana",
                        family = "Saarela",
                        role = c("aut", "cre"),
                        email = "admin@svetlanasaarela.com"),
                 person(given = "Anton",
                        family = "Grafström",
                        role = "aut"))
  as necessary.
  
  Found the following URLs which should use \doi (with the DOI name only):
    File ‘datassim.Rd’:
      https://doi.org/10.20944/preprints201710.0098.v1
Flavors: r-devel-linux-x86_64-debian-clang, r-devel-linux-x86_64-debian-gcc
Version: 1.0
Check: LazyData
Result: NOTE
    'LazyData' is specified without a 'data' directory
Flavors: r-oldrel-macos-arm64, r-oldrel-macos-x86_64, r-oldrel-windows-x86_64