Last updated on 2025-10-31 02:50:29 CET.
| Flavor | Version | Tinstall | Tcheck | Ttotal | Status | Flags | 
|---|---|---|---|---|---|---|
| r-devel-linux-x86_64-debian-clang | 1.3 | 7.31 | 63.24 | 70.55 | NOTE | |
| r-devel-linux-x86_64-debian-gcc | 1.3 | 6.31 | 49.75 | 56.06 | NOTE | |
| r-devel-linux-x86_64-fedora-clang | 1.3 | 15.00 | 99.05 | 114.05 | OK | |
| r-devel-linux-x86_64-fedora-gcc | 1.3 | 13.00 | 94.77 | 107.77 | OK | |
| r-devel-windows-x86_64 | 1.3 | 8.00 | 65.00 | 73.00 | OK | |
| r-patched-linux-x86_64 | 1.3 | 6.71 | 61.00 | 67.71 | OK | |
| r-release-linux-x86_64 | 1.3 | 7.42 | 61.14 | 68.56 | OK | |
| r-release-macos-arm64 | 1.3 | 4.00 | 33.00 | 37.00 | OK | |
| r-release-macos-x86_64 | 1.3 | 6.00 | 48.00 | 54.00 | OK | |
| r-release-windows-x86_64 | 1.3 | 10.00 | 69.00 | 79.00 | OK | |
| r-oldrel-macos-arm64 | 1.3 | 3.00 | 27.00 | 30.00 | NOTE | |
| r-oldrel-macos-x86_64 | 1.3 | 5.00 | 39.00 | 44.00 | NOTE | |
| r-oldrel-windows-x86_64 | 1.3 | 11.00 | 78.00 | 89.00 | NOTE | 
Version: 1.3
Check: CRAN incoming feasibility
Result: NOTE
  Maintainer: ‘Srivenkatesh Gandhi <srivenkateshg@sase.ssn.edu.in>’
  
  No Authors@R field in DESCRIPTION.
  Please add one, modifying
    Authors@R: c(person(given = "Srivenkatesh",
                        family = "Gandhi",
                        role = c("aut", "cre"),
                        email = "srivenkateshg@sase.ssn.edu.in"),
                 person(given = c("Kreshnaa", "Raam", "S"),
                        family = "Bethusamy",
                        role = "aut",
                        email = "kreshnaaraamsb@sase.ssn.edu.in"))
  as necessary.
Flavors: r-devel-linux-x86_64-debian-clang, r-devel-linux-x86_64-debian-gcc
Version: 1.3
Check: LazyData
Result: NOTE
    'LazyData' is specified without a 'data' directory
Flavors: r-oldrel-macos-arm64, r-oldrel-macos-x86_64, r-oldrel-windows-x86_64