Last updated on 2025-10-31 02:50:29 CET.
| Flavor | Version | Tinstall | Tcheck | Ttotal | Status | Flags | 
|---|---|---|---|---|---|---|
| r-devel-linux-x86_64-debian-clang | 1.14.1 | 1.78 | 23.60 | 25.38 | NOTE | |
| r-devel-linux-x86_64-debian-gcc | 1.14.1 | 1.55 | 19.45 | 21.00 | NOTE | |
| r-devel-linux-x86_64-fedora-clang | 1.14.1 | 37.78 | NOTE | |||
| r-devel-linux-x86_64-fedora-gcc | 1.14.1 | 36.06 | NOTE | |||
| r-devel-windows-x86_64 | 1.14.1 | 3.00 | 44.00 | 47.00 | NOTE | |
| r-patched-linux-x86_64 | 1.14.1 | 2.08 | 22.31 | 24.39 | NOTE | |
| r-release-linux-x86_64 | 1.14.1 | 1.61 | 22.68 | 24.29 | NOTE | |
| r-release-macos-arm64 | 1.14.1 | 2.00 | 17.00 | 19.00 | NOTE | |
| r-release-macos-x86_64 | 1.14.1 | 2.00 | 24.00 | 26.00 | NOTE | |
| r-release-windows-x86_64 | 1.14.1 | 4.00 | 47.00 | 51.00 | NOTE | |
| r-oldrel-macos-arm64 | 1.14.1 | 1.00 | 16.00 | 17.00 | OK | |
| r-oldrel-macos-x86_64 | 1.14.1 | 2.00 | 23.00 | 25.00 | OK | |
| r-oldrel-windows-x86_64 | 1.14.1 | 4.00 | 57.00 | 61.00 | OK | 
Version: 1.14.1
Check: DESCRIPTION meta-information
Result: NOTE
    Missing dependency on R >= 4.1.0 because package code uses the pipe
    |> or function shorthand \(...) syntax added in R 4.1.0.
    File(s) using such syntax:
      ‘Caswell.R’
Flavors: r-devel-linux-x86_64-debian-clang, r-devel-linux-x86_64-debian-gcc, r-devel-linux-x86_64-fedora-clang, r-devel-linux-x86_64-fedora-gcc, r-devel-windows-x86_64, r-patched-linux-x86_64, r-release-linux-x86_64, r-release-macos-arm64, r-release-macos-x86_64, r-release-windows-x86_64