Last updated on 2025-10-31 02:50:29 CET.
| Flavor | Version | Tinstall | Tcheck | Ttotal | Status | Flags | 
|---|---|---|---|---|---|---|
| r-devel-linux-x86_64-debian-clang | 1.0.2 | 3.78 | 26.22 | 30.00 | NOTE | |
| r-devel-linux-x86_64-debian-gcc | 1.0.2 | 2.87 | 20.46 | 23.33 | NOTE | |
| r-devel-linux-x86_64-fedora-clang | 1.0.2 | 43.53 | NOTE | |||
| r-devel-linux-x86_64-fedora-gcc | 1.0.2 | 41.21 | NOTE | |||
| r-devel-windows-x86_64 | 1.0.2 | 8.00 | 45.00 | 53.00 | NOTE | |
| r-patched-linux-x86_64 | 1.0.2 | 3.54 | 24.93 | 28.47 | NOTE | |
| r-release-linux-x86_64 | 1.0.2 | 3.46 | 24.83 | 28.29 | NOTE | |
| r-release-macos-arm64 | 1.0.2 | 6.00 | 24.00 | 30.00 | NOTE | |
| r-release-macos-x86_64 | 1.0.2 | 5.00 | 28.00 | 33.00 | NOTE | |
| r-release-windows-x86_64 | 1.0.2 | 9.00 | 47.00 | 56.00 | NOTE | |
| r-oldrel-macos-arm64 | 1.0.2 | 3.00 | 19.00 | 22.00 | NOTE | |
| r-oldrel-macos-x86_64 | 1.0.2 | 4.00 | 29.00 | 33.00 | NOTE | |
| r-oldrel-windows-x86_64 | 1.0.2 | 10.00 | 52.00 | 62.00 | NOTE | 
Version: 1.0.2
Check: CRAN incoming feasibility
Result: NOTE
  Maintainer: ‘Catherine Hurley <catherine.hurley@mu.ie>’
  
  No Authors@R field in DESCRIPTION.
  Please add one, modifying
    Authors@R: c(person(given = c("Catherine", "B."),
                        family = "Hurley",
                        role = "aut"),
                 person(given = "Denise",
                        family = "Earle",
                        role = "aut"),
                 person(given = "Catherine",
                        family = "Hurley",
                        role = "cre",
                        email = "catherine.hurley@mu.ie"))
  as necessary.
Flavors: r-devel-linux-x86_64-debian-clang, r-devel-linux-x86_64-debian-gcc
Version: 1.0.2
Check: Rd files
Result: NOTE
  checkRd: (-1) DendSer.Rd:50: Escaped LaTeX specials: \&
Flavors: r-devel-linux-x86_64-debian-clang, r-devel-linux-x86_64-debian-gcc, r-devel-linux-x86_64-fedora-clang, r-devel-linux-x86_64-fedora-gcc, r-devel-windows-x86_64, r-patched-linux-x86_64, r-release-linux-x86_64, r-release-macos-arm64, r-release-macos-x86_64, r-release-windows-x86_64, r-oldrel-macos-arm64, r-oldrel-macos-x86_64, r-oldrel-windows-x86_64
Version: 1.0.2
Check: for unstated dependencies in ‘demo’
Result: NOTE
  'library' or 'require' calls not declared from:
    ‘HSAUR2’ ‘Iyer517’ ‘PairViz’ ‘RColorBrewer’ ‘mvtnorm’ ‘scagnostics’
Flavors: r-devel-linux-x86_64-debian-clang, r-devel-linux-x86_64-debian-gcc, r-patched-linux-x86_64, r-release-linux-x86_64