Last updated on 2025-10-31 02:50:29 CET.
| Flavor | Version | Tinstall | Tcheck | Ttotal | Status | Flags | 
|---|---|---|---|---|---|---|
| r-devel-linux-x86_64-debian-clang | 1.6.1 | 3.04 | 31.38 | 34.42 | NOTE | |
| r-devel-linux-x86_64-debian-gcc | 1.6.1 | 2.17 | 24.95 | 27.12 | NOTE | |
| r-devel-linux-x86_64-fedora-clang | 1.6.1 | 51.53 | OK | |||
| r-devel-linux-x86_64-fedora-gcc | 1.6.1 | 51.65 | OK | |||
| r-devel-windows-x86_64 | 1.6.1 | 4.00 | 51.00 | 55.00 | OK | |
| r-patched-linux-x86_64 | 1.6.1 | 3.58 | 29.84 | 33.42 | OK | |
| r-release-linux-x86_64 | 1.6.1 | 2.61 | 30.11 | 32.72 | OK | |
| r-release-macos-arm64 | 1.6.1 | 2.00 | 19.00 | 21.00 | OK | |
| r-release-macos-x86_64 | 1.6.1 | 3.00 | 30.00 | 33.00 | OK | |
| r-release-windows-x86_64 | 1.6.1 | 4.00 | 53.00 | 57.00 | OK | |
| r-oldrel-macos-arm64 | 1.6.1 | 1.00 | 17.00 | 18.00 | OK | |
| r-oldrel-macos-x86_64 | 1.6.1 | 2.00 | 26.00 | 28.00 | OK | |
| r-oldrel-windows-x86_64 | 1.6.1 | 4.00 | 65.00 | 69.00 | OK | 
Version: 1.6.1
Check: CRAN incoming feasibility
Result: NOTE
  Maintainer: ‘C. Helbert <Celine.Helbert@ec-lyon.fr>’
  
  No Authors@R field in DESCRIPTION.
  Please add one, modifying
    Authors@R: c(person(given = "D.",
                        family = "Dupuy",
                        role = "aut"),
                 person(given = "C.",
                        family = "Helbert",
                        role = c("aut", "cre"),
                        email = "celine.helbert@ec-lyon.fr"))
  as necessary.
Flavors: r-devel-linux-x86_64-debian-clang, r-devel-linux-x86_64-debian-gcc