Last updated on 2025-10-31 02:50:30 CET.
| Flavor | Version | Tinstall | Tcheck | Ttotal | Status | Flags | 
|---|---|---|---|---|---|---|
| r-devel-linux-x86_64-debian-clang | 1.0 | 198.28 | 135.53 | 333.81 | WARN | |
| r-devel-linux-x86_64-debian-gcc | 1.0 | 119.17 | 91.12 | 210.29 | WARN | |
| r-devel-linux-x86_64-fedora-clang | 1.0 | 316.00 | 299.34 | 615.34 | NOTE | |
| r-devel-linux-x86_64-fedora-gcc | 1.0 | 352.00 | 206.49 | 558.49 | NOTE | |
| r-devel-windows-x86_64 | 1.0 | 221.00 | 163.00 | 384.00 | NOTE | |
| r-patched-linux-x86_64 | 1.0 | 195.09 | 127.56 | 322.65 | NOTE | |
| r-release-linux-x86_64 | 1.0 | 183.66 | 127.45 | 311.11 | NOTE | |
| r-release-macos-arm64 | 1.0 | 89.00 | 93.00 | 182.00 | NOTE | |
| r-release-macos-x86_64 | 1.0 | 55.00 | 149.00 | 204.00 | NOTE | |
| r-release-windows-x86_64 | 1.0 | 220.00 | 164.00 | 384.00 | NOTE | |
| r-oldrel-macos-arm64 | 1.0 | 77.00 | 58.00 | 135.00 | NOTE | |
| r-oldrel-macos-x86_64 | 1.0 | 57.00 | 94.00 | 151.00 | NOTE | |
| r-oldrel-windows-x86_64 | 1.0 | 263.00 | 211.00 | 474.00 | NOTE | 
Version: 1.0
Check: whether package can be installed
Result: WARN
  Found the following significant warnings:
    /home/hornik/tmp/R.check/r-devel-clang/Work/build/Packages/RcppArmadillo/include/RcppArmadillo/version/arma.h:66:17: warning: Using fallback compilation with Armadillo 14.6.3. Please consider defining -DARMA_USE_CURRENT and also removing C++11 compilation directive. See GitHub issue #475 for more. [-W#pragma-messages]
  See ‘/home/hornik/tmp/R.check/r-devel-clang/Work/PKGS/DySS.Rcheck/00install.out’ for details.
  * used Fortran compiler: ‘Debian flang-new version 19.1.7 (7)’
  * used C++ compiler: ‘Debian clang version 19.1.7 (7)’
Flavor: r-devel-linux-x86_64-debian-clang
Version: 1.0
Check: C++ specification
Result: NOTE
    Specified C++11: please drop specification unless essential
Flavors: r-devel-linux-x86_64-debian-clang, r-devel-linux-x86_64-debian-gcc, r-devel-linux-x86_64-fedora-clang, r-devel-linux-x86_64-fedora-gcc, r-devel-windows-x86_64, r-patched-linux-x86_64, r-release-linux-x86_64, r-release-macos-arm64, r-release-macos-x86_64, r-release-windows-x86_64, r-oldrel-macos-arm64, r-oldrel-macos-x86_64, r-oldrel-windows-x86_64
Version: 1.0
Check: Rd files
Result: NOTE
  checkRd: (-1) monitor_long_1d.Rd:33: Lost braces
      33 | If \code{side="upward"}{apply control charts that aim to detect upward shifts.} \cr
         |                        ^
  checkRd: (-1) monitor_long_1d.Rd:34: Lost braces
      34 | If \code{side="downward"}{apply control charts that aim to detect downward shifts.} \cr
         |                          ^
  checkRd: (-1) monitor_long_1d.Rd:35: Lost braces
      35 | If \code{side="both"}{apply control charts that aim to detect shifts in both sides}}
         |                      ^
  checkRd: (-1) monitor_long_1d.Rd:38: Lost braces
      38 | If \code{chart="CUSUM"}{apply CUSUM charts.} \cr
         |                        ^
  checkRd: (-1) monitor_long_1d.Rd:39: Lost braces
      39 | If \code{chart="EWMA"}{apply EWMA charts.}}
         |                       ^
Flavors: r-devel-linux-x86_64-debian-clang, r-devel-linux-x86_64-debian-gcc, r-devel-linux-x86_64-fedora-clang, r-devel-linux-x86_64-fedora-gcc, r-devel-windows-x86_64, r-patched-linux-x86_64, r-release-linux-x86_64, r-release-macos-arm64, r-release-macos-x86_64, r-release-windows-x86_64, r-oldrel-macos-arm64, r-oldrel-macos-x86_64, r-oldrel-windows-x86_64
Version: 1.0
Check: whether package can be installed
Result: WARN
  Found the following significant warnings:
    /home/hornik/tmp/R.check/r-devel-gcc/Work/build/Packages/RcppArmadillo/include/RcppArmadillo/version/arma.h:66:199: note: ‘#pragma message: Using fallback compilation with Armadillo 14.6.3. Please consider defining -DARMA_USE_CURRENT and also removing C++11 compilation directive. See GitHub issue #475 for more.’
  See ‘/home/hornik/tmp/R.check/r-devel-gcc/Work/PKGS/DySS.Rcheck/00install.out’ for details.
  * used Fortran compiler: ‘GNU Fortran (Debian 15.2.0-4) 15.2.0’
  * used C++ compiler: ‘g++-15 (Debian 15.2.0-4) 15.2.0’
Flavor: r-devel-linux-x86_64-debian-gcc
Version: 1.0
Check: installed package size
Result: NOTE
    installed size is 11.6Mb
    sub-directories of 1Mb or more:
      data   3.1Mb
      libs   7.9Mb
Flavors: r-oldrel-macos-arm64, r-oldrel-macos-x86_64, r-oldrel-windows-x86_64