Last updated on 2025-10-30 02:49:01 CET.
| Flavor | Version | Tinstall | Tcheck | Ttotal | Status | Flags | 
|---|---|---|---|---|---|---|
| r-devel-linux-x86_64-debian-clang | 1.3.1 | 1.52 | 20.43 | 21.95 | NOTE | |
| r-devel-linux-x86_64-debian-gcc | 1.3.1 | 1.41 | 16.31 | 17.72 | NOTE | |
| r-devel-linux-x86_64-fedora-clang | 1.3.1 | 33.34 | OK | |||
| r-devel-linux-x86_64-fedora-gcc | 1.3.1 | 31.87 | OK | |||
| r-devel-windows-x86_64 | 1.3.1 | 3.00 | 35.00 | 38.00 | OK | |
| r-patched-linux-x86_64 | 1.3.1 | 1.84 | 19.55 | 21.39 | OK | |
| r-release-linux-x86_64 | 1.3.1 | 1.72 | 19.53 | 21.25 | OK | |
| r-release-macos-arm64 | 1.3.1 | 1.00 | 14.00 | 15.00 | OK | |
| r-release-macos-x86_64 | 1.3.1 | 2.00 | 20.00 | 22.00 | OK | |
| r-release-windows-x86_64 | 1.3.1 | 2.00 | 37.00 | 39.00 | OK | |
| r-oldrel-macos-arm64 | 1.3.1 | 1.00 | 13.00 | 14.00 | OK | |
| r-oldrel-macos-x86_64 | 1.3.1 | 2.00 | 18.00 | 20.00 | OK | |
| r-oldrel-windows-x86_64 | 1.3.1 | 3.00 | 42.00 | 45.00 | OK | 
Version: 1.3.1
Check: CRAN incoming feasibility
Result: NOTE
  Maintainer: ‘Uwe Menzel <uwemenzel@gmail.com>’
  
  No Authors@R field in DESCRIPTION.
  Please add one, modifying
    Authors@R: person(given = "Uwe",
                      family = "Menzel",
                      role = c("aut", "cre"),
                      email = "uwemenzel@gmail.com")
  as necessary.
Flavors: r-devel-linux-x86_64-debian-clang, r-devel-linux-x86_64-debian-gcc