Last updated on 2025-10-30 02:49:01 CET.
| Flavor | Version | Tinstall | Tcheck | Ttotal | Status | Flags | 
|---|---|---|---|---|---|---|
| r-devel-linux-x86_64-debian-clang | 1.1.5 | 51.59 | 590.59 | 642.18 | OK | |
| r-devel-linux-x86_64-debian-gcc | 1.1.5 | 34.40 | 385.13 | 419.53 | OK | |
| r-devel-linux-x86_64-fedora-clang | 1.1.5 | 123.00 | 923.02 | 1046.02 | OK | |
| r-devel-linux-x86_64-fedora-gcc | 1.1.5 | 224.00 | 868.01 | 1092.01 | OK | |
| r-devel-windows-x86_64 | 1.1.5 | 51.00 | 482.00 | 533.00 | OK | |
| r-patched-linux-x86_64 | 1.1.5 | 49.99 | 554.85 | 604.84 | OK | |
| r-release-linux-x86_64 | 1.1.5 | 54.68 | 557.23 | 611.91 | OK | |
| r-release-macos-arm64 | 1.1.5 | 13.00 | 105.00 | 118.00 | ERROR | |
| r-release-macos-x86_64 | 1.1.5 | 33.00 | 225.00 | 258.00 | OK | |
| r-release-windows-x86_64 | 1.1.5 | 51.00 | 478.00 | 529.00 | OK | |
| r-oldrel-macos-arm64 | 1.1.5 | 13.00 | 113.00 | 126.00 | ERROR | |
| r-oldrel-macos-x86_64 | 1.1.5 | 32.00 | 232.00 | 264.00 | OK | |
| r-oldrel-windows-x86_64 | 1.1.5 | 73.00 | 695.00 | 768.00 | OK | 
Version: 1.1.5
Check: examples
Result: ERROR
  Running examples in ‘ENMTools-Ex.R’ failed
  The error most likely occurred in:
  
  > ### Name: enmtools.maxent
  > ### Title: Takes an emtools.species object with presence and background
  > ###   points, and builds a maxent model
  > ### Aliases: enmtools.maxent
  > 
  > ### ** Examples
  > 
  > if(check.extras("enmtools.maxent")) {
  +     ## maxent is not working on some platforms so use try()
  +     try(enmtools.maxent(iberolacerta.clade$species$monticola, env = euro.worldclim))
  + }
  
   *** caught illegal operation ***
  address 0x167662f78, cause 'illegal trap'
  
  Traceback:
   1: rJava::.jcall(mxe, "S", "fit", c("autorun", "-e", afn, "-o",     dirout, "-s", pfn, args))
   2: .local(x, p, ...)
   3: maxent(x, p, ...)
   4: maxent(x, p, ...)
   5: .local(x, p, ...)
   6: dismo::maxent(raster::stack(env), p = analysis.df[analysis.df$presence ==     1, 1:2], a = analysis.df[analysis.df$presence == 0, 1:2],     ...)
   7: dismo::maxent(raster::stack(env), p = analysis.df[analysis.df$presence ==     1, 1:2], a = analysis.df[analysis.df$presence == 0, 1:2],     ...)
   8: withVisible(...elt(i))
   9: capture.output(this.mx <- dismo::maxent(raster::stack(env), p = analysis.df[analysis.df$presence ==     1, 1:2], a = analysis.df[analysis.df$presence == 0, 1:2],     ...))
  10: enmtools.maxent(iberolacerta.clade$species$monticola, env = euro.worldclim)
  11: doTryCatch(return(expr), name, parentenv, handler)
  12: tryCatchOne(expr, names, parentenv, handlers[[1L]])
  13: tryCatchList(expr, classes, parentenv, handlers)
  14: tryCatch(expr, error = function(e) {    call <- conditionCall(e)    if (!is.null(call)) {        if (identical(call[[1L]], quote(doTryCatch)))             call <- sys.call(-4L)        dcall <- deparse(call, nlines = 1L)        prefix <- paste("Error in", dcall, ": ")        LONG <- 75L        sm <- strsplit(conditionMessage(e), "\n")[[1L]]        w <- 14L + nchar(dcall, type = "w") + nchar(sm[1L], type = "w")        if (is.na(w))             w <- 14L + nchar(dcall, type = "b") + nchar(sm[1L],                 type = "b")        if (w > LONG)             prefix <- paste0(prefix, "\n  ")    }    else prefix <- "Error : "    msg <- paste0(prefix, conditionMessage(e), "\n")    .Internal(seterrmessage(msg[1L]))    if (!silent && isTRUE(getOption("show.error.messages"))) {        cat(msg, file = outFile)        .Internal(printDeferredWarnings())    }    invisible(structure(msg, class = "try-error", condition = e))})
  15: try(enmtools.maxent(iberolacerta.clade$species$monticola, env = euro.worldclim))
  An irrecoverable exception occurred. R is aborting now ...
Flavor: r-release-macos-arm64
Version: 1.1.5
Check: examples
Result: ERROR
  Running examples in ‘ENMTools-Ex.R’ failed
  The error most likely occurred in:
  
  > ### Name: enmtools.maxent
  > ### Title: Takes an emtools.species object with presence and background
  > ###   points, and builds a maxent model
  > ### Aliases: enmtools.maxent
  > 
  > ### ** Examples
  > 
  > if(check.extras("enmtools.maxent")) {
  +     ## maxent is not working on some platforms so use try()
  +     try(enmtools.maxent(iberolacerta.clade$species$monticola, env = euro.worldclim))
  + }
  
   *** caught illegal operation ***
  address 0x14eaaaf78, cause 'illegal trap'
  
  Traceback:
   1: rJava::.jcall(mxe, "S", "fit", c("autorun", "-e", afn, "-o",     dirout, "-s", pfn, args))
   2: .local(x, p, ...)
   3: maxent(x, p, ...)
   4: maxent(x, p, ...)
   5: .local(x, p, ...)
   6: dismo::maxent(raster::stack(env), p = analysis.df[analysis.df$presence ==     1, 1:2], a = analysis.df[analysis.df$presence == 0, 1:2],     ...)
   7: dismo::maxent(raster::stack(env), p = analysis.df[analysis.df$presence ==     1, 1:2], a = analysis.df[analysis.df$presence == 0, 1:2],     ...)
   8: withVisible(...elt(i))
   9: capture.output(this.mx <- dismo::maxent(raster::stack(env), p = analysis.df[analysis.df$presence ==     1, 1:2], a = analysis.df[analysis.df$presence == 0, 1:2],     ...))
  10: enmtools.maxent(iberolacerta.clade$species$monticola, env = euro.worldclim)
  11: doTryCatch(return(expr), name, parentenv, handler)
  12: tryCatchOne(expr, names, parentenv, handlers[[1L]])
  13: tryCatchList(expr, classes, parentenv, handlers)
  14: tryCatch(expr, error = function(e) {    call <- conditionCall(e)    if (!is.null(call)) {        if (identical(call[[1L]], quote(doTryCatch)))             call <- sys.call(-4L)        dcall <- deparse(call, nlines = 1L)        prefix <- paste("Error in", dcall, ": ")        LONG <- 75L        sm <- strsplit(conditionMessage(e), "\n")[[1L]]        w <- 14L + nchar(dcall, type = "w") + nchar(sm[1L], type = "w")        if (is.na(w))             w <- 14L + nchar(dcall, type = "b") + nchar(sm[1L],                 type = "b")        if (w > LONG)             prefix <- paste0(prefix, "\n  ")    }    else prefix <- "Error : "    msg <- paste0(prefix, conditionMessage(e), "\n")    .Internal(seterrmessage(msg[1L]))    if (!silent && isTRUE(getOption("show.error.messages"))) {        cat(msg, file = outFile)        .Internal(printDeferredWarnings())    }    invisible(structure(msg, class = "try-error", condition = e))})
  15: try(enmtools.maxent(iberolacerta.clade$species$monticola, env = euro.worldclim))
  An irrecoverable exception occurred. R is aborting now ...
Flavor: r-oldrel-macos-arm64