Last updated on 2025-10-31 02:50:30 CET.
| Flavor | Version | Tinstall | Tcheck | Ttotal | Status | Flags | 
|---|---|---|---|---|---|---|
| r-devel-linux-x86_64-debian-clang | 2.0 | 11.88 | 96.67 | 108.55 | NOTE | |
| r-devel-linux-x86_64-debian-gcc | 2.0 | 9.07 | 67.83 | 76.90 | NOTE | |
| r-devel-linux-x86_64-fedora-clang | 2.0 | 26.00 | 139.93 | 165.93 | OK | |
| r-devel-linux-x86_64-fedora-gcc | 2.0 | 24.00 | 135.38 | 159.38 | OK | |
| r-devel-windows-x86_64 | 2.0 | 13.00 | 92.00 | 105.00 | OK | |
| r-patched-linux-x86_64 | 2.0 | 13.39 | 93.53 | 106.92 | OK | |
| r-release-linux-x86_64 | 2.0 | 11.49 | 92.00 | 103.49 | OK | |
| r-release-macos-arm64 | 2.0 | 6.00 | 54.00 | 60.00 | OK | |
| r-release-macos-x86_64 | 2.0 | 11.00 | 81.00 | 92.00 | OK | |
| r-release-windows-x86_64 | 2.0 | 13.00 | 99.00 | 112.00 | OK | |
| r-oldrel-macos-arm64 | 2.0 | 6.00 | 47.00 | 53.00 | OK | |
| r-oldrel-macos-x86_64 | 2.0 | 8.00 | 63.00 | 71.00 | OK | |
| r-oldrel-windows-x86_64 | 2.0 | 18.00 | 116.00 | 134.00 | OK | 
Version: 2.0
Check: CRAN incoming feasibility
Result: NOTE
  Maintainer: ‘Castor Guisande Gonzalez <castor@uvigo.es>’
  
  No Authors@R field in DESCRIPTION.
  Please add one, modifying
    Authors@R: person(given = c("Castor", "Guisande"),
                      family = "Gonzalez",
                      role = c("aut", "cre"),
                      email = "castor@uvigo.es")
  as necessary.
Flavors: r-devel-linux-x86_64-debian-clang, r-devel-linux-x86_64-debian-gcc