Last updated on 2025-10-30 02:49:01 CET.
| Flavor | Version | Tinstall | Tcheck | Ttotal | Status | Flags | 
|---|---|---|---|---|---|---|
| r-devel-linux-x86_64-debian-clang | 0.5.0 | 411.30 | 277.75 | 689.05 | OK | |
| r-devel-linux-x86_64-debian-gcc | 0.5.0 | 361.14 | 234.37 | 595.51 | OK | |
| r-devel-linux-x86_64-fedora-clang | 0.5.0 | 840.00 | 217.16 | 1057.16 | OK | |
| r-devel-linux-x86_64-fedora-gcc | 0.5.0 | 1320.00 | 104.60 | 1424.60 | OK | |
| r-devel-windows-x86_64 | 0.5.0 | 467.00 | 388.00 | 855.00 | OK | |
| r-patched-linux-x86_64 | 0.5.0 | 506.76 | 316.02 | 822.78 | OK | |
| r-release-linux-x86_64 | 0.5.0 | 500.38 | 317.20 | 817.58 | OK | |
| r-release-macos-arm64 | 0.5.0 | 159.00 | 110.00 | 269.00 | OK | |
| r-release-macos-x86_64 | 0.5.0 | 359.00 | 174.00 | 533.00 | OK | |
| r-release-windows-x86_64 | 0.5.0 | 459.00 | 387.00 | 846.00 | OK | |
| r-oldrel-macos-arm64 | 0.5.0 | 86.00 | 70.00 | 156.00 | NOTE | |
| r-oldrel-macos-x86_64 | 0.5.0 | 68.00 | 120.00 | 188.00 | NOTE | |
| r-oldrel-windows-x86_64 | 0.5.0 | 526.00 | 478.00 | 1004.00 | NOTE | 
Version: 0.5.0
Check: installed package size
Result: NOTE
    installed size is 85.7Mb
    sub-directories of 1Mb or more:
      libs  84.5Mb
Flavors: r-oldrel-macos-arm64, r-oldrel-macos-x86_64, r-oldrel-windows-x86_64
Version: 0.5.0
Check: for GNU extensions in Makefiles
Result: NOTE
  GNU make is a SystemRequirements.
Flavors: r-oldrel-macos-arm64, r-oldrel-macos-x86_64, r-oldrel-windows-x86_64