Last updated on 2025-10-31 02:50:30 CET.
| Flavor | Version | Tinstall | Tcheck | Ttotal | Status | Flags | 
|---|---|---|---|---|---|---|
| r-devel-linux-x86_64-debian-clang | 3.0.2 | 12.74 | 49.39 | 62.13 | OK | |
| r-devel-linux-x86_64-debian-gcc | 3.0.2 | 10.25 | 45.72 | 55.97 | OK | |
| r-devel-linux-x86_64-fedora-clang | 3.0.2 | 36.00 | 67.84 | 103.84 | OK | |
| r-devel-linux-x86_64-fedora-gcc | 3.0.2 | 65.00 | 56.51 | 121.51 | OK | |
| r-devel-windows-x86_64 | 3.0.2 | 17.00 | 72.00 | 89.00 | OK | |
| r-patched-linux-x86_64 | 3.0.2 | 13.19 | 41.82 | 55.01 | OK | |
| r-release-linux-x86_64 | 3.0.2 | 11.72 | 41.85 | 53.57 | OK | |
| r-release-macos-arm64 | 3.0.2 | 11.00 | 58.00 | 69.00 | OK | |
| r-release-macos-x86_64 | 3.0.2 | 13.00 | 78.00 | 91.00 | OK | |
| r-release-windows-x86_64 | 3.0.2 | 19.00 | 78.00 | 97.00 | OK | |
| r-oldrel-macos-arm64 | 3.0.2 | 9.00 | 37.00 | 46.00 | OK | |
| r-oldrel-macos-x86_64 | 3.0.2 | 19.00 | 111.00 | 130.00 | OK | |
| r-oldrel-windows-x86_64 | 3.0.2 | 22.00 | 90.00 | 112.00 | NOTE | 
Version: 3.0.2
Check: installed package size
Result: NOTE
    installed size is  5.1Mb
    sub-directories of 1Mb or more:
      extdata   4.0Mb
Flavor: r-oldrel-windows-x86_64