Last updated on 2025-10-30 02:49:01 CET.
| Flavor | Version | Tinstall | Tcheck | Ttotal | Status | Flags | 
|---|---|---|---|---|---|---|
| r-devel-linux-x86_64-debian-clang | 1.2.2 | 18.80 | 94.66 | 113.46 | NOTE | |
| r-devel-linux-x86_64-debian-gcc | 1.2.2 | 13.05 | 64.08 | 77.13 | NOTE | |
| r-devel-linux-x86_64-fedora-clang | 1.2.2 | 40.00 | 142.14 | 182.14 | NOTE | |
| r-devel-linux-x86_64-fedora-gcc | 1.2.2 | 51.00 | 125.94 | 176.94 | NOTE | |
| r-devel-windows-x86_64 | 1.2.2 | 17.00 | 97.00 | 114.00 | NOTE | |
| r-patched-linux-x86_64 | 1.2.2 | 18.53 | 91.31 | 109.84 | NOTE | |
| r-release-linux-x86_64 | 1.2.2 | 20.32 | 89.95 | 110.27 | NOTE | |
| r-release-macos-arm64 | 1.2.2 | 8.00 | 33.00 | 41.00 | NOTE | |
| r-release-macos-x86_64 | 1.2.2 | 19.00 | 94.00 | 113.00 | NOTE | |
| r-release-windows-x86_64 | 1.2.2 | 17.00 | 98.00 | 115.00 | NOTE | |
| r-oldrel-macos-arm64 | 1.2.2 | 7.00 | 33.00 | 40.00 | NOTE | |
| r-oldrel-macos-x86_64 | 1.2.2 | 32.00 | 95.00 | 127.00 | NOTE | |
| r-oldrel-windows-x86_64 | 1.2.2 | 18.00 | 95.00 | 113.00 | NOTE | 
Version: 1.2.2
Check: CRAN incoming feasibility
Result: NOTE
  Maintainer: ‘Eric Batista Ferreira <eric.ferreira@unifal-mg.edu.br>’
  
  No Authors@R field in DESCRIPTION.
  Please add one, modifying
    Authors@R: c(person(given = c("Eric", "Batista"),
                        family = "Ferreira",
                        role = c("aut", "cre"),
                        email = "eric.ferreira@unifal-mg.edu.br"),
                 person(given = c("Portya", "Piscitelli"),
                        family = "Cavalcanti",
                        role = "aut"),
                 person(given = c("Denismar", "Alves"),
                        family = "Nogueira",
                        role = "aut"))
  as necessary.
Flavors: r-devel-linux-x86_64-debian-clang, r-devel-linux-x86_64-debian-gcc
Version: 1.2.2
Check: Rd files
Result: NOTE
  checkRd: (-1) ccF.Rd:41: Lost braces
      41 | CALI\'{N}SKI, T.; CORSTEN, L. C. A. Clustering
         |       ^
Flavors: r-devel-linux-x86_64-debian-clang, r-devel-linux-x86_64-debian-gcc, r-devel-linux-x86_64-fedora-clang, r-devel-linux-x86_64-fedora-gcc, r-devel-windows-x86_64, r-patched-linux-x86_64, r-release-linux-x86_64, r-release-macos-arm64, r-release-macos-x86_64, r-release-windows-x86_64, r-oldrel-macos-arm64, r-oldrel-macos-x86_64, r-oldrel-windows-x86_64