Last updated on 2025-10-31 02:50:31 CET.
| Flavor | Version | Tinstall | Tcheck | Ttotal | Status | Flags | 
|---|---|---|---|---|---|---|
| r-devel-linux-x86_64-debian-clang | 1.0 | 2.24 | 22.13 | 24.37 | NOTE | |
| r-devel-linux-x86_64-debian-gcc | 1.0 | 1.75 | 17.84 | 19.59 | NOTE | |
| r-devel-linux-x86_64-fedora-clang | 1.0 | 35.92 | NOTE | |||
| r-devel-linux-x86_64-fedora-gcc | 1.0 | 34.57 | NOTE | |||
| r-devel-windows-x86_64 | 1.0 | 3.00 | 41.00 | 44.00 | NOTE | |
| r-patched-linux-x86_64 | 1.0 | 2.42 | 21.06 | 23.48 | NOTE | |
| r-release-linux-x86_64 | 1.0 | 2.25 | 20.93 | 23.18 | NOTE | |
| r-release-macos-arm64 | 1.0 | 1.00 | 18.00 | 19.00 | NOTE | |
| r-release-macos-x86_64 | 1.0 | 2.00 | 27.00 | 29.00 | NOTE | |
| r-release-windows-x86_64 | 1.0 | 5.00 | 43.00 | 48.00 | NOTE | |
| r-oldrel-macos-arm64 | 1.0 | 1.00 | 15.00 | 16.00 | NOTE | |
| r-oldrel-macos-x86_64 | 1.0 | 2.00 | 22.00 | 24.00 | NOTE | |
| r-oldrel-windows-x86_64 | 1.0 | 3.00 | 45.00 | 48.00 | NOTE | 
Version: 1.0
Check: CRAN incoming feasibility
Result: NOTE
  Maintainer: ‘Constantinos Mavridis <consmavr@gmail.com>’
  
  No Authors@R field in DESCRIPTION.
  Please add one, modifying
    Authors@R: c(person(given = "Constantinos",
                        family = "Mavridis",
                        role = c("aut", "cre"),
                        email = "consmavr@gmail.com"),
                 person(given = c("Ioannis", "N."),
                        family = "Athanasiadis",
                        role = "aut"))
  as necessary.
Flavors: r-devel-linux-x86_64-debian-clang, r-devel-linux-x86_64-debian-gcc
Version: 1.0
Check: DESCRIPTION meta-information
Result: NOTE
  Malformed Description field: should contain one or more complete sentences.
Flavors: r-devel-linux-x86_64-debian-clang, r-devel-linux-x86_64-debian-gcc, r-devel-linux-x86_64-fedora-clang, r-devel-linux-x86_64-fedora-gcc, r-devel-windows-x86_64, r-patched-linux-x86_64, r-release-linux-x86_64, r-release-macos-arm64, r-release-macos-x86_64, r-release-windows-x86_64, r-oldrel-macos-arm64, r-oldrel-macos-x86_64, r-oldrel-windows-x86_64