Last updated on 2025-10-31 02:50:31 CET.
| Flavor | Version | Tinstall | Tcheck | Ttotal | Status | Flags | 
|---|---|---|---|---|---|---|
| r-devel-linux-x86_64-debian-clang | 1.0 | 5.76 | 32.11 | 37.87 | NOTE | |
| r-devel-linux-x86_64-debian-gcc | 1.0 | 3.92 | 23.62 | 27.54 | NOTE | |
| r-devel-linux-x86_64-fedora-clang | 1.0 | 13.00 | 45.55 | 58.55 | OK | |
| r-devel-linux-x86_64-fedora-gcc | 1.0 | 12.00 | 42.47 | 54.47 | OK | |
| r-devel-windows-x86_64 | 1.0 | 5.00 | 51.00 | 56.00 | OK | |
| r-patched-linux-x86_64 | 1.0 | 4.74 | 30.92 | 35.66 | OK | |
| r-release-linux-x86_64 | 1.0 | 5.37 | 31.12 | 36.49 | OK | |
| r-release-macos-arm64 | 1.0 | 2.00 | 17.00 | 19.00 | OK | |
| r-release-macos-x86_64 | 1.0 | 5.00 | 29.00 | 34.00 | OK | |
| r-release-windows-x86_64 | 1.0 | 5.00 | 50.00 | 55.00 | OK | |
| r-oldrel-macos-arm64 | 1.0 | 2.00 | 18.00 | 20.00 | OK | |
| r-oldrel-macos-x86_64 | 1.0 | 4.00 | 41.00 | 45.00 | OK | |
| r-oldrel-windows-x86_64 | 1.0 | 7.00 | 58.00 | 65.00 | OK | 
Version: 1.0
Check: CRAN incoming feasibility
Result: NOTE
  Maintainer: ‘Luis Benites Sanchez <lbenitesanchez@gmail.com>’
  
  No Authors@R field in DESCRIPTION.
  Please add one, modifying
    Authors@R: c(person(given = c("Luis", "Benites"),
                        family = "Sanchez",
                        role = c("aut", "cre"),
                        email = "lbenitesanchez@gmail.com"),
                 person(given = c("Rocio", "Paola"),
                        family = "Maehara",
                        role = "aut"),
                 person(given = c("Victor", "Hugo"),
                        family = "Lachos",
                        role = "aut"))
  as necessary.
Flavors: r-devel-linux-x86_64-debian-clang, r-devel-linux-x86_64-debian-gcc