Last updated on 2025-10-31 02:50:30 CET.
| Flavor | Version | Tinstall | Tcheck | Ttotal | Status | Flags | 
|---|---|---|---|---|---|---|
| r-devel-linux-x86_64-debian-clang | 0.1.1 | 19.71 | 24.35 | 44.06 | NOTE | |
| r-devel-linux-x86_64-debian-gcc | 0.1.1 | 11.48 | 20.54 | 32.02 | NOTE | |
| r-devel-linux-x86_64-fedora-clang | 0.1.1 | 48.00 | 28.49 | 76.49 | NOTE | |
| r-devel-linux-x86_64-fedora-gcc | 0.1.1 | 75.00 | -4.31 | 70.69 | NOTE | |
| r-devel-windows-x86_64 | 0.1.1 | 26.00 | 68.00 | 94.00 | OK | |
| r-patched-linux-x86_64 | 0.1.1 | 18.79 | 23.29 | 42.08 | OK | |
| r-release-linux-x86_64 | 0.1.1 | 18.17 | 23.26 | 41.43 | OK | |
| r-release-macos-arm64 | 0.1.1 | 8.00 | 18.00 | 26.00 | OK | |
| r-release-macos-x86_64 | 0.1.1 | 11.00 | 27.00 | 38.00 | OK | |
| r-release-windows-x86_64 | 0.1.1 | 24.00 | 66.00 | 90.00 | OK | |
| r-oldrel-macos-arm64 | 0.1.1 | 9.00 | 16.00 | 25.00 | NOTE | |
| r-oldrel-macos-x86_64 | 0.1.1 | 11.00 | 26.00 | 37.00 | NOTE | |
| r-oldrel-windows-x86_64 | 0.1.1 | 29.00 | 78.00 | 107.00 | NOTE | 
Version: 0.1.1
Check: CRAN incoming feasibility
Result: NOTE
  Maintainer: ‘Aaron Molstad <molst029@umn.edu>’
  
  No Authors@R field in DESCRIPTION.
  Please add one, modifying
    Authors@R: person(given = "Aaron",
                      family = "Molstad",
                      role = c("aut", "cre"),
                      email = "molst029@umn.edu")
  as necessary.
Flavors: r-devel-linux-x86_64-debian-clang, r-devel-linux-x86_64-debian-gcc
Version: 0.1.1
Check: compiled code
Result: NOTE
  File ‘FastBandChol/libs/FastBandChol.so’:
    Found no calls to: ‘R_registerRoutines’, ‘R_useDynamicSymbols’
  
  It is good practice to register native routines and to disable symbol
  search.
  
  See ‘Writing portable packages’ in the ‘Writing R Extensions’ manual.
Flavors: r-devel-linux-x86_64-fedora-clang, r-devel-linux-x86_64-fedora-gcc
Version: 0.1.1
Check: LazyData
Result: NOTE
    'LazyData' is specified without a 'data' directory
Flavors: r-oldrel-macos-arm64, r-oldrel-macos-x86_64, r-oldrel-windows-x86_64