Last updated on 2025-10-30 02:49:01 CET.
| Flavor | Version | Tinstall | Tcheck | Ttotal | Status | Flags | 
|---|---|---|---|---|---|---|
| r-devel-linux-x86_64-debian-clang | 1.0.0 | 14.31 | 130.12 | 144.43 | NOTE | |
| r-devel-linux-x86_64-debian-gcc | 1.0.0 | 9.99 | 94.04 | 104.03 | NOTE | |
| r-devel-linux-x86_64-fedora-clang | 1.0.0 | 34.00 | 193.77 | 227.77 | NOTE | |
| r-devel-linux-x86_64-fedora-gcc | 1.0.0 | 38.00 | 191.97 | 229.97 | NOTE | |
| r-devel-windows-x86_64 | 1.0.0 | 15.00 | 124.00 | 139.00 | NOTE | |
| r-patched-linux-x86_64 | 1.0.0 | 12.29 | 122.78 | 135.07 | NOTE | |
| r-release-linux-x86_64 | 1.0.0 | 14.63 | 123.78 | 138.41 | NOTE | |
| r-release-macos-arm64 | 1.0.0 | 6.00 | 60.00 | 66.00 | NOTE | |
| r-release-macos-x86_64 | 1.0.0 | 16.00 | 123.00 | 139.00 | NOTE | |
| r-release-windows-x86_64 | 1.0.0 | 15.00 | 127.00 | 142.00 | NOTE | |
| r-oldrel-macos-arm64 | 1.0.0 | 6.00 | 59.00 | 65.00 | NOTE | |
| r-oldrel-macos-x86_64 | 1.0.0 | 8.00 | 85.00 | 93.00 | NOTE | |
| r-oldrel-windows-x86_64 | 1.0.0 | 20.00 | 161.00 | 181.00 | NOTE | 
Version: 1.0.0
Check: Rd files
Result: NOTE
  checkRd: (-1) mutlicol_terminator.Rd:23: Lost braces in \itemize; \value handles \item{}{} directly
  checkRd: (-1) mutlicol_terminator.Rd:24: Lost braces in \itemize; \value handles \item{}{} directly
  checkRd: (-1) mutlicol_terminator.Rd:25: Lost braces in \itemize; \value handles \item{}{} directly
  checkRd: (-1) mutlicol_terminator.Rd:26: Lost braces in \itemize; \value handles \item{}{} directly
  checkRd: (-1) rfeTerminator.Rd:42: Lost braces in \itemize; \value handles \item{}{} directly
  checkRd: (-1) rfeTerminator.Rd:43: Lost braces in \itemize; \value handles \item{}{} directly
  checkRd: (-1) rfeTerminator.Rd:44: Lost braces in \itemize; \value handles \item{}{} directly
  checkRd: (-1) rfeTerminator.Rd:45: Lost braces in \itemize; \value handles \item{}{} directly
Flavors: r-devel-linux-x86_64-debian-clang, r-devel-linux-x86_64-debian-gcc, r-devel-linux-x86_64-fedora-clang, r-devel-linux-x86_64-fedora-gcc, r-devel-windows-x86_64, r-patched-linux-x86_64, r-release-linux-x86_64, r-release-macos-arm64, r-release-macos-x86_64, r-release-windows-x86_64, r-oldrel-macos-arm64, r-oldrel-macos-x86_64, r-oldrel-windows-x86_64
Version: 1.0.0
Check: dependencies in R code
Result: NOTE
  Namespaces in Imports field not imported from:
    ‘e1071’ ‘lattice’ ‘randomForest’ ‘tibble’ ‘utils’
    All declared Imports should be used.
Flavors: r-devel-linux-x86_64-fedora-clang, r-devel-linux-x86_64-fedora-gcc