Last updated on 2025-10-31 02:50:31 CET.
| Flavor | Version | Tinstall | Tcheck | Ttotal | Status | Flags | 
|---|---|---|---|---|---|---|
| r-devel-linux-x86_64-debian-clang | 1.0.10 | 3.49 | 36.90 | 40.39 | NOTE | |
| r-devel-linux-x86_64-debian-gcc | 1.0.10 | 2.88 | 28.05 | 30.93 | NOTE | |
| r-devel-linux-x86_64-fedora-clang | 1.0.10 | 58.05 | OK | |||
| r-devel-linux-x86_64-fedora-gcc | 1.0.10 | 55.44 | OK | |||
| r-devel-windows-x86_64 | 1.0.10 | 5.00 | 56.00 | 61.00 | OK | |
| r-patched-linux-x86_64 | 1.0.10 | 3.84 | 35.06 | 38.90 | OK | |
| r-release-linux-x86_64 | 1.0.10 | 3.68 | 34.99 | 38.67 | OK | |
| r-release-macos-arm64 | 1.0.10 | 2.00 | 22.00 | 24.00 | OK | |
| r-release-macos-x86_64 | 1.0.10 | 4.00 | 47.00 | 51.00 | OK | |
| r-release-windows-x86_64 | 1.0.10 | 4.00 | 58.00 | 62.00 | OK | |
| r-oldrel-macos-arm64 | 1.0.10 | 2.00 | 20.00 | 22.00 | OK | |
| r-oldrel-macos-x86_64 | 1.0.10 | 3.00 | 30.00 | 33.00 | OK | |
| r-oldrel-windows-x86_64 | 1.0.10 | 6.00 | 66.00 | 72.00 | OK | 
Version: 1.0.10
Check: CRAN incoming feasibility
Result: NOTE
  Maintainer: ‘Bryan A. Hanson <hanson@depauw.edu>’
  
  No Authors@R field in DESCRIPTION.
  Please add one, modifying
    Authors@R: c(person(given = c("Bryan", "A.", "Hanson", "DePauw"),
                        family = "University",
                        role = "aut"),
                 person(given = c("Greencastle", "Indiana"),
                        family = "USA",
                        role = "aut"),
                 person(given = c("Bryan", "A."),
                        family = "Hanson",
                        role = "cre",
                        email = "hanson@depauw.edu"))
  as necessary.
  
  Package CITATION file contains call(s) to old-style personList() or
  as.personList().  Please use c() on person objects instead.
  Package CITATION file contains call(s) to old-style citEntry().  Please
  use bibentry() instead.
Flavors: r-devel-linux-x86_64-debian-clang, r-devel-linux-x86_64-debian-gcc