Last updated on 2025-10-31 02:50:32 CET.
| Flavor | Version | Tinstall | Tcheck | Ttotal | Status | Flags | 
|---|---|---|---|---|---|---|
| r-devel-linux-x86_64-debian-clang | 1.0.1 | 7.73 | 82.13 | 89.86 | NOTE | |
| r-devel-linux-x86_64-debian-gcc | 1.0.1 | 6.01 | 59.97 | 65.98 | NOTE | |
| r-devel-linux-x86_64-fedora-clang | 1.0.1 | 18.00 | 113.20 | 131.20 | OK | |
| r-devel-linux-x86_64-fedora-gcc | 1.0.1 | 16.00 | 126.29 | 142.29 | OK | |
| r-devel-windows-x86_64 | 1.0.1 | 9.00 | 96.00 | 105.00 | OK | |
| r-patched-linux-x86_64 | 1.0.1 | 8.00 | 77.53 | 85.53 | OK | |
| r-release-linux-x86_64 | 1.0.1 | 6.70 | 77.57 | 84.27 | OK | |
| r-release-macos-arm64 | 1.0.1 | 4.00 | 59.00 | 63.00 | OK | |
| r-release-macos-x86_64 | 1.0.1 | 8.00 | 97.00 | 105.00 | OK | |
| r-release-windows-x86_64 | 1.0.1 | 9.00 | 97.00 | 106.00 | OK | |
| r-oldrel-macos-arm64 | 1.0.1 | 4.00 | 44.00 | 48.00 | OK | |
| r-oldrel-macos-x86_64 | 1.0.1 | 5.00 | 63.00 | 68.00 | OK | |
| r-oldrel-windows-x86_64 | 1.0.1 | 12.00 | 114.00 | 126.00 | OK | 
Version: 1.0.1
Check: CRAN incoming feasibility
Result: NOTE
  Maintainer: ‘Sydney Manning <sydney.manning@unthsc.edu>’
  
  No Authors@R field in DESCRIPTION.
  Please add one, modifying
    Authors@R: c(person(given = "Zhengyang",
                        family = "Zhou",
                        role = "aut"),
                 person(given = "Sydney",
                        family = "Manning",
                        role = "cre",
                        email = "sydney.manning@unthsc.edu"))
  as necessary.
Flavors: r-devel-linux-x86_64-debian-clang, r-devel-linux-x86_64-debian-gcc