Last updated on 2025-10-30 02:49:03 CET.
| Flavor | Version | Tinstall | Tcheck | Ttotal | Status | Flags |
|---|---|---|---|---|---|---|
| r-devel-linux-x86_64-debian-clang | 1.0.2 | 311.05 | 169.57 | 480.62 | OK | |
| r-devel-linux-x86_64-debian-gcc | 1.0.2 | 288.32 | 152.04 | 440.36 | OK | |
| r-devel-linux-x86_64-fedora-clang | 1.0.2 | 600.00 | 136.62 | 736.62 | OK | |
| r-devel-linux-x86_64-fedora-gcc | 1.0.2 | 900.00 | 82.23 | 982.23 | OK | |
| r-devel-windows-x86_64 | 1.0.2 | 368.00 | 213.00 | 581.00 | OK | |
| r-patched-linux-x86_64 | 1.0.2 | 391.14 | 199.61 | 590.75 | OK | |
| r-release-linux-x86_64 | 1.0.2 | 380.03 | 197.54 | 577.57 | OK | |
| r-release-macos-arm64 | 1.0.2 | 123.00 | 66.00 | 189.00 | OK | |
| r-release-macos-x86_64 | 1.0.2 | 135.00 | 115.00 | 250.00 | OK | |
| r-release-windows-x86_64 | 1.0.2 | 363.00 | 220.00 | 583.00 | OK | |
| r-oldrel-macos-arm64 | 1.0.2 | 66.00 | 45.00 | 111.00 | NOTE | |
| r-oldrel-macos-x86_64 | 1.0.2 | 61.00 | 72.00 | 133.00 | NOTE | |
| r-oldrel-windows-x86_64 | 1.0.2 | 407.00 | 269.00 | 676.00 | NOTE |
Version: 1.0.2
Check: installed package size
Result: NOTE
installed size is 68.1Mb
sub-directories of 1Mb or more:
libs 67.2Mb
Flavors: r-oldrel-macos-arm64, r-oldrel-macos-x86_64
Version: 1.0.2
Check: for GNU extensions in Makefiles
Result: NOTE
GNU make is a SystemRequirements.
Flavors: r-oldrel-macos-arm64, r-oldrel-macos-x86_64, r-oldrel-windows-x86_64